CRAN Package Check Results for Package multipleNCC

Last updated on 2024-07-24 15:51:42 CEST.

Flavor Version Tinstall Tcheck Ttotal Status Flags
r-devel-linux-x86_64-debian-clang 1.2-4 12.41 74.72 87.13 OK
r-devel-linux-x86_64-debian-gcc 1.2-4 7.15 60.36 67.51 NOTE
r-devel-linux-x86_64-fedora-clang 1.2-4 113.86 OK
r-devel-linux-x86_64-fedora-gcc 1.2-4 108.62 OK
r-devel-windows-x86_64 1.2-4 9.00 77.00 86.00 NOTE
r-patched-linux-x86_64 1.2-4 10.17 76.68 86.85 OK
r-release-linux-x86_64 1.2-4 8.56 77.92 86.48 OK
r-release-macos-arm64 1.2-4 35.00 OK
r-release-macos-x86_64 1.2-4 87.00 OK
r-release-windows-x86_64 1.2-4 9.00 75.00 84.00 OK
r-oldrel-macos-arm64 1.2-4 41.00 OK
r-oldrel-macos-x86_64 1.2-4 97.00 OK
r-oldrel-windows-x86_64 1.2-4 11.00 90.00 101.00 OK

Check Details

Version: 1.2-4
Check: Rd cross-references
Result: NOTE Found the following Rd file(s) with Rd \link{} targets missing package anchors: Chenprob.Rd: coxph GAMprob.Rd: coxph, gam GLMprob.Rd: coxph KMprob.Rd: coxph multipleNCC-package.Rd: coxph pGAM.Rd: gam wpl.Rd: coxph Please provide package anchors for all Rd \link{} targets not in the package itself and the base packages. Flavors: r-devel-linux-x86_64-debian-gcc, r-devel-windows-x86_64