CRAN Package Check Results for Package multinomineq

Last updated on 2021-12-07 16:49:41 CET.

Flavor Version Tinstall Tcheck Ttotal Status Flags
r-devel-linux-x86_64-debian-clang 0.2.1 74.03 286.10 360.13 NOTE
r-devel-linux-x86_64-debian-gcc 0.2.1 58.71 190.77 249.48 NOTE
r-devel-linux-x86_64-fedora-clang 0.2.1 461.40 NOTE
r-devel-linux-x86_64-fedora-gcc 0.2.1 437.65 NOTE
r-devel-windows-x86_64-new-UL 0.2.1 107.00 367.00 474.00 NOTE
r-devel-windows-x86_64-new-TK 0.2.1 NOTE
r-devel-windows-x86_64-old 0.2.1 96.00 284.00 380.00 NOTE
r-patched-linux-x86_64 0.2.1 67.19 270.23 337.42 NOTE
r-release-linux-x86_64 0.2.1 65.53 271.15 336.68 NOTE
r-release-macos-arm64 0.2.1 NOTE
r-release-macos-x86_64 0.2.1 NOTE
r-release-windows-ix86+x86_64 0.2.1 128.00 669.00 797.00 NOTE
r-oldrel-macos-x86_64 0.2.1 NOTE
r-oldrel-windows-ix86+x86_64 0.2.1 182.00 652.00 834.00 NOTE

Check Details

Version: 0.2.1
Check: package dependencies
Result: NOTE
    Package suggested but not available for checking: 'rPorta'
Flavors: r-devel-linux-x86_64-debian-clang, r-devel-linux-x86_64-debian-gcc, r-devel-linux-x86_64-fedora-clang, r-devel-linux-x86_64-fedora-gcc, r-devel-windows-x86_64-new-UL, r-devel-windows-x86_64-new-TK, r-devel-windows-x86_64-old, r-patched-linux-x86_64, r-release-linux-x86_64, r-release-macos-arm64, r-release-macos-x86_64, r-release-windows-ix86+x86_64, r-oldrel-macos-x86_64, r-oldrel-windows-ix86+x86_64

Version: 0.2.1
Check: installed package size
Result: NOTE
     installed size is 5.5Mb
     sub-directories of 1Mb or more:
     libs 4.1Mb
Flavors: r-devel-linux-x86_64-fedora-clang, r-release-macos-arm64, r-release-macos-x86_64, r-oldrel-macos-x86_64