CRAN Package Check Results for Package muHVT

Last updated on 2021-10-27 15:51:58 CEST.

Flavor Version Tinstall Tcheck Ttotal Status Flags
r-devel-linux-x86_64-debian-clang 1.0.2 7.14 208.97 216.11 NOTE
r-devel-linux-x86_64-debian-gcc 1.0.2 6.53 151.15 157.68 NOTE
r-devel-linux-x86_64-fedora-clang 1.0.2 260.69 NOTE
r-devel-linux-x86_64-fedora-gcc 1.0.2 246.81 NOTE
r-devel-windows-x86_64 1.0.2 14.00 246.00 260.00 NOTE
r-devel-windows-x86_64-gcc10-UCRT 1.0.2 NOTE
r-patched-linux-x86_64 1.0.2 7.27 185.97 193.24 NOTE
r-patched-solaris-x86 1.0.2 130.60 NOTE
r-release-linux-x86_64 1.0.2 7.63 187.57 195.20 NOTE
r-release-macos-arm64 1.0.2 NOTE
r-release-macos-x86_64 1.0.2 NOTE
r-release-windows-ix86+x86_64 1.0.2 11.00 240.00 251.00 NOTE
r-oldrel-macos-x86_64 1.0.2 NOTE
r-oldrel-windows-ix86+x86_64 1.0.2 17.00 245.00 262.00 OK

Check Details

Version: 1.0.2
Check: LazyData
Result: NOTE
     'LazyData' is specified without a 'data' directory
Flavors: r-devel-linux-x86_64-debian-clang, r-devel-linux-x86_64-debian-gcc, r-devel-linux-x86_64-fedora-clang, r-devel-linux-x86_64-fedora-gcc, r-devel-windows-x86_64, r-devel-windows-x86_64-gcc10-UCRT, r-patched-linux-x86_64, r-patched-solaris-x86, r-release-linux-x86_64, r-release-macos-arm64, r-release-macos-x86_64, r-release-windows-ix86+x86_64

Version: 1.0.2
Check: dependencies in R code
Result: NOTE
    Namespace in Imports field not imported from: ‘gtools’
     All declared Imports should be used.
Flavors: r-devel-linux-x86_64-fedora-clang, r-devel-linux-x86_64-fedora-gcc, r-devel-windows-x86_64-gcc10-UCRT, r-patched-solaris-x86, r-release-macos-arm64, r-release-macos-x86_64, r-oldrel-macos-x86_64