CRAN Package Check Results for Package mtconnectR

Last updated on 2021-10-16 15:50:52 CEST.

Flavor Version Tinstall Tcheck Ttotal Status Flags
r-devel-linux-x86_64-debian-clang 1.2.1 11.09 415.32 426.41 OK
r-devel-linux-x86_64-debian-gcc 1.2.1 8.29 288.81 297.10 NOTE
r-devel-linux-x86_64-fedora-clang 1.2.1 494.24 OK
r-devel-linux-x86_64-fedora-gcc 1.2.1 508.63 OK
r-devel-windows-x86_64 1.2.1 13.00 373.00 386.00 OK
r-devel-windows-x86_64-gcc10-UCRT 1.2.1 OK
r-patched-linux-x86_64 1.2.1 9.23 390.86 400.09 OK
r-patched-solaris-x86 1.2.1 200.70 OK
r-release-linux-x86_64 1.2.1 8.58 383.87 392.45 OK
r-release-macos-arm64 1.2.1 OK
r-release-macos-x86_64 1.2.1 OK
r-release-windows-ix86+x86_64 1.2.1 25.00 512.00 537.00 OK
r-oldrel-macos-x86_64 1.2.1 OK
r-oldrel-windows-ix86+x86_64 1.2.1 22.00 523.00 545.00 OK

Check Details

Version: 1.2.1
Check: whether the namespace can be loaded with stated dependencies
Result: NOTE
    Warning in .getGeneric(f, where, package) :
     strings not representable in native encoding will be translated to UTF-8
    Warning in .getGeneric(f, where, package) :
     strings not representable in native encoding will be translated to UTF-8
    Warning in .getGeneric(f, where, package) :
     strings not representable in native encoding will be translated to UTF-8
    
    A namespace must be able to be loaded with just the base namespace
    loaded: otherwise if the namespace gets loaded by a saved object, the
    session will be unable to start.
    
    Probably some imports need to be declared in the NAMESPACE file.
Flavor: r-devel-linux-x86_64-debian-gcc