CRAN Package Check Results for Package msgr

Last updated on 2021-12-07 16:49:41 CET.

Flavor Version Tinstall Tcheck Ttotal Status Flags
r-devel-linux-x86_64-debian-clang 1.1.2 2.97 37.27 40.24 NOTE
r-devel-linux-x86_64-debian-gcc 1.1.2 1.95 29.42 31.37 NOTE
r-devel-linux-x86_64-fedora-clang 1.1.2 49.59 NOTE
r-devel-linux-x86_64-fedora-gcc 1.1.2 38.41 NOTE
r-devel-windows-x86_64-new-UL 1.1.2 10.00 69.00 79.00 NOTE
r-devel-windows-x86_64-new-TK 1.1.2 NOTE
r-devel-windows-x86_64-old 1.1.2 6.00 35.00 41.00 NOTE
r-patched-linux-x86_64 1.1.2 3.35 35.38 38.73 NOTE
r-release-linux-x86_64 1.1.2 2.83 35.28 38.11 NOTE
r-release-macos-arm64 1.1.2 NOTE
r-release-macos-x86_64 1.1.2 NOTE
r-release-windows-ix86+x86_64 1.1.2 4.00 52.00 56.00 NOTE
r-oldrel-macos-x86_64 1.1.2 OK
r-oldrel-windows-ix86+x86_64 1.1.2 6.00 47.00 53.00 OK

Check Details

Version: 1.1.2
Check: LazyData
Result: NOTE
     'LazyData' is specified without a 'data' directory
Flavors: r-devel-linux-x86_64-debian-clang, r-devel-linux-x86_64-debian-gcc, r-devel-linux-x86_64-fedora-clang, r-devel-linux-x86_64-fedora-gcc, r-devel-windows-x86_64-new-UL, r-devel-windows-x86_64-new-TK, r-devel-windows-x86_64-old, r-patched-linux-x86_64, r-release-linux-x86_64, r-release-macos-arm64, r-release-macos-x86_64, r-release-windows-ix86+x86_64