CRAN Package Check Results for Package msSurv

Last updated on 2021-12-08 03:58:26 CET.

Flavor Version Tinstall Tcheck Ttotal Status Flags
r-devel-linux-x86_64-debian-clang 1.2-2 7.24 163.01 170.25 NOTE
r-devel-linux-x86_64-debian-gcc 1.2-2 6.95 118.49 125.44 NOTE
r-devel-linux-x86_64-fedora-clang 1.2-2 208.19 NOTE
r-devel-linux-x86_64-fedora-gcc 1.2-2 193.54 NOTE
r-devel-windows-x86_64-new-UL 1.2-2 20.00 220.00 240.00 NOTE
r-devel-windows-x86_64-new-TK 1.2-2 NOTE
r-devel-windows-x86_64-old 1.2-2 14.00 143.00 157.00 NOTE
r-patched-linux-x86_64 1.2-2 8.33 154.86 163.19 NOTE
r-release-linux-x86_64 1.2-2 7.44 157.23 164.67 NOTE
r-release-macos-arm64 1.2-2 NOTE
r-release-macos-x86_64 1.2-2 NOTE
r-release-windows-ix86+x86_64 1.2-2 14.00 194.00 208.00 NOTE
r-oldrel-macos-x86_64 1.2-2 NOTE
r-oldrel-windows-ix86+x86_64 1.2-2 18.00 198.00 216.00 NOTE

Check Details

Version: 1.2-2
Check: R code for possible problems
Result: NOTE
    BS.var: no visible binding for global variable 'var'
    BS.var: no visible global function definition for 'cov'
    Dist.CIs: no visible global function definition for 'qnorm'
    MSM.CIs: no visible global function definition for 'qnorm'
    plot,msSurv-missing: no visible global function definition for 'update'
    summary,msSurv: no visible global function definition for 'quantile'
    Undefined global functions or variables:
     cov qnorm quantile update var
    Consider adding
     importFrom("stats", "cov", "qnorm", "quantile", "update", "var")
    to your NAMESPACE file.
Flavors: r-devel-linux-x86_64-debian-clang, r-devel-linux-x86_64-debian-gcc, r-devel-linux-x86_64-fedora-clang, r-devel-linux-x86_64-fedora-gcc, r-devel-windows-x86_64-new-UL, r-devel-windows-x86_64-new-TK, r-devel-windows-x86_64-old, r-patched-linux-x86_64, r-release-linux-x86_64, r-release-macos-arm64, r-release-macos-x86_64, r-release-windows-ix86+x86_64, r-oldrel-macos-x86_64, r-oldrel-windows-ix86+x86_64