CRAN Package Check Results for Package mrbsizeR

Last updated on 2022-01-23 02:56:17 CET.

Flavor Version Tinstall Tcheck Ttotal Status Flags
r-devel-linux-x86_64-debian-clang 1.2.1.1 27.77 96.21 123.98 NOTE
r-devel-linux-x86_64-debian-gcc 1.2.1.1 19.39 70.76 90.15 NOTE
r-devel-linux-x86_64-fedora-clang 1.2.1.1 162.28 NOTE
r-devel-linux-x86_64-fedora-gcc 1.2.1.1 143.63 NOTE
r-devel-windows-x86_64-new-UL 1.2.1.1 76.00 170.00 246.00 NOTE
r-devel-windows-x86_64-new-TK 1.2.1.1 NOTE
r-patched-linux-x86_64 1.2.1.1 24.81 90.57 115.38 NOTE
r-release-linux-x86_64 1.2.1.1 25.75 90.08 115.83 NOTE
r-release-macos-arm64 1.2.1.1 NOTE
r-release-macos-x86_64 1.2.1.1 NOTE
r-release-windows-ix86+x86_64 1.2.1.1 69.00 179.00 248.00 NOTE
r-oldrel-macos-x86_64 1.2.1.1 OK
r-oldrel-windows-ix86+x86_64 1.2.1.1 70.00 176.00 246.00 OK

Check Details

Version: 1.2.1.1
Check: LazyData
Result: NOTE
     'LazyData' is specified without a 'data' directory
Flavors: r-devel-linux-x86_64-debian-clang, r-devel-linux-x86_64-debian-gcc, r-devel-linux-x86_64-fedora-clang, r-devel-linux-x86_64-fedora-gcc, r-devel-windows-x86_64-new-UL, r-devel-windows-x86_64-new-TK, r-patched-linux-x86_64, r-release-linux-x86_64, r-release-macos-arm64, r-release-macos-x86_64, r-release-windows-ix86+x86_64