CRAN Package Check Results for Package mrMLM

Last updated on 2021-09-23 03:51:04 CEST.

Flavor Version Tinstall Tcheck Ttotal Status Flags
r-devel-linux-x86_64-debian-clang 4.0.2 41.14 156.60 197.74 OK
r-devel-linux-x86_64-debian-gcc 4.0.2 29.92 111.62 141.54 OK
r-devel-linux-x86_64-fedora-clang 4.0.2 240.09 OK
r-devel-linux-x86_64-fedora-gcc 4.0.2 222.61 OK
r-devel-windows-x86_64 4.0.2 51.00 145.00 196.00 OK
r-devel-windows-x86_64-gcc10-UCRT 4.0.2 ERROR
r-patched-linux-x86_64 4.0.2 35.81 140.55 176.36 OK
r-patched-solaris-x86 4.0.2 335.20 OK
r-release-linux-x86_64 4.0.2 37.27 143.44 180.71 OK
r-release-macos-arm64 4.0.2 OK
r-release-macos-x86_64 4.0.2 OK
r-release-windows-ix86+x86_64 4.0.2 88.00 211.00 299.00 NOTE
r-oldrel-macos-x86_64 4.0.2 OK
r-oldrel-windows-ix86+x86_64 4.0.2 69.00 224.00 293.00 NOTE

Check Details

Version: 4.0.2
Check: whether package can be installed
Result: ERROR
    Installation failed.
Flavor: r-devel-windows-x86_64-gcc10-UCRT

Version: 4.0.2
Check: installed package size
Result: NOTE
     installed size is 5.0Mb
     sub-directories of 1Mb or more:
     extdata 2.2Mb
     libs 2.0Mb
Flavors: r-release-windows-ix86+x86_64, r-oldrel-windows-ix86+x86_64