CRAN Package Check Results for Package mptools

Last updated on 2021-11-29 03:53:13 CET.

Flavor Version Tinstall Tcheck Ttotal Status Flags
r-devel-linux-x86_64-debian-clang 1.0.1 NOTE
r-devel-linux-x86_64-debian-gcc 1.0.1 22.49 339.54 362.03 NOTE
r-devel-linux-x86_64-fedora-clang 1.0.1 477.49 NOTE
r-devel-linux-x86_64-fedora-gcc 1.0.1 413.20 NOTE
r-devel-windows-x86_64-new-UL 1.0.1 54.00 389.00 443.00 NOTE
r-devel-windows-x86_64-new-TK 1.0.1 NOTE
r-devel-windows-x86_64-old 1.0.1 37.00 315.00 352.00 NOTE
r-patched-linux-x86_64 1.0.1 27.37 433.46 460.83 NOTE
r-patched-solaris-x86 1.0.1 385.50 NOTE
r-release-linux-x86_64 1.0.1 17.82 434.14 451.96 NOTE
r-release-macos-arm64 1.0.1 NOTE
r-release-macos-x86_64 1.0.1 NOTE
r-release-windows-ix86+x86_64 1.0.1 67.00 359.00 426.00 NOTE
r-oldrel-macos-x86_64 1.0.1 OK
r-oldrel-windows-ix86+x86_64 1.0.1 64.00 366.00 430.00 OK

Check Details

Version: 1.0.1
Check: LazyData
Result: NOTE
     'LazyData' is specified without a 'data' directory
Flavors: r-devel-linux-x86_64-debian-clang, r-devel-linux-x86_64-debian-gcc, r-devel-linux-x86_64-fedora-clang, r-devel-linux-x86_64-fedora-gcc, r-devel-windows-x86_64-new-UL, r-devel-windows-x86_64-new-TK, r-devel-windows-x86_64-old, r-patched-linux-x86_64, r-patched-solaris-x86, r-release-linux-x86_64, r-release-macos-arm64, r-release-macos-x86_64, r-release-windows-ix86+x86_64