CRAN Package Check Results for Package mpcmp

Last updated on 2022-01-26 03:54:27 CET.

Flavor Version Tinstall Tcheck Ttotal Status Flags
r-devel-linux-x86_64-debian-clang 0.3.6 22.72 207.24 229.96 OK
r-devel-linux-x86_64-debian-gcc 0.3.6 17.99 146.60 164.59 OK
r-devel-linux-x86_64-fedora-clang 0.3.6 275.21 OK
r-devel-linux-x86_64-fedora-gcc 0.3.6 257.40 OK
r-devel-windows-x86_64-new-UL 0.3.6 73.00 287.00 360.00 OK
r-devel-windows-x86_64-new-TK 0.3.6 ERROR
r-patched-linux-x86_64 0.3.6 30.86 189.46 220.32 OK
r-release-linux-x86_64 0.3.6 20.10 191.76 211.86 OK
r-release-macos-arm64 0.3.6 OK
r-release-macos-x86_64 0.3.6 OK
r-release-windows-ix86+x86_64 0.3.6 58.00 483.00 541.00 OK
r-oldrel-macos-x86_64 0.3.6 OK
r-oldrel-windows-ix86+x86_64 0.3.6 57.00 486.00 543.00 OK

Check Details

Version: 0.3.6
Check: package dependencies
Result: ERROR
    Package required but not available: 'ggpubr'
    
    See section 'The DESCRIPTION file' in the 'Writing R Extensions'
    manual.
Flavor: r-devel-windows-x86_64-new-TK