CRAN Package Check Results for Package mpbart

Last updated on 2022-01-26 15:52:56 CET.

Flavor Version Tinstall Tcheck Ttotal Status Flags
r-devel-linux-x86_64-debian-clang 0.2 15.99 66.33 82.32 NOTE
r-devel-linux-x86_64-debian-gcc 0.2 11.93 50.72 62.65 NOTE
r-devel-linux-x86_64-fedora-clang 0.2 102.75 NOTE
r-devel-linux-x86_64-fedora-gcc 0.2 86.01 NOTE
r-devel-windows-x86_64-new-UL 0.2 32.00 102.00 134.00 NOTE
r-devel-windows-x86_64-new-TK 0.2 NOTE
r-patched-linux-x86_64 0.2 12.95 59.96 72.91 NOTE
r-release-linux-x86_64 0.2 12.49 59.40 71.89 NOTE
r-release-macos-arm64 0.2 NOTE
r-release-macos-x86_64 0.2 NOTE
r-release-windows-ix86+x86_64 0.2 36.00 113.00 149.00 NOTE
r-oldrel-macos-x86_64 0.2 OK
r-oldrel-windows-ix86+x86_64 0.2 37.00 110.00 147.00 OK

Check Details

Version: 0.2
Check: LazyData
Result: NOTE
     'LazyData' is specified without a 'data' directory
Flavors: r-devel-linux-x86_64-debian-clang, r-devel-linux-x86_64-debian-gcc, r-devel-linux-x86_64-fedora-clang, r-devel-linux-x86_64-fedora-gcc, r-devel-windows-x86_64-new-UL, r-devel-windows-x86_64-new-TK, r-patched-linux-x86_64, r-release-linux-x86_64, r-release-macos-arm64, r-release-macos-x86_64, r-release-windows-ix86+x86_64

Version: 0.2
Check: compiled code
Result: NOTE
    File ‘mpbart/libs/mpbart.so’:
     Found no calls to: ‘R_registerRoutines’, ‘R_useDynamicSymbols’
    
    It is good practice to register native routines and to disable symbol
    search.
    
    See ‘Writing portable packages’ in the ‘Writing R Extensions’ manual.
Flavors: r-devel-linux-x86_64-fedora-clang, r-devel-linux-x86_64-fedora-gcc