CRAN Package Check Results for Package mosaicData

Last updated on 2021-10-27 15:51:57 CEST.

Flavor Version Tinstall Tcheck Ttotal Status Flags
r-devel-linux-x86_64-debian-clang 0.20.2 4.39 37.25 41.64 OK
r-devel-linux-x86_64-debian-gcc 0.20.2 3.50 29.74 33.24 OK
r-devel-linux-x86_64-fedora-clang 0.20.2 61.24 NOTE
r-devel-linux-x86_64-fedora-gcc 0.20.2 50.14 NOTE
r-devel-windows-x86_64 0.20.2 7.00 62.00 69.00 OK
r-devel-windows-x86_64-gcc10-UCRT 0.20.2 NOTE
r-patched-linux-x86_64 0.20.2 5.07 36.54 41.61 OK
r-patched-solaris-x86 0.20.2 77.00 NOTE
r-release-linux-x86_64 0.20.2 3.71 35.77 39.48 OK
r-release-macos-arm64 0.20.2 NOTE
r-release-macos-x86_64 0.20.2 NOTE
r-release-windows-ix86+x86_64 0.20.2 6.00 68.00 74.00 OK
r-oldrel-macos-x86_64 0.20.2 NOTE
r-oldrel-windows-ix86+x86_64 0.20.2 8.00 63.00 71.00 OK

Check Details

Version: 0.20.2
Check: data for non-ASCII characters
Result: NOTE
     Note: found 7 marked UTF-8 strings
Flavors: r-devel-linux-x86_64-fedora-clang, r-devel-linux-x86_64-fedora-gcc, r-devel-windows-x86_64-gcc10-UCRT, r-patched-solaris-x86, r-release-macos-arm64, r-release-macos-x86_64, r-oldrel-macos-x86_64