CRAN Package Check Results for Package mortyr

Last updated on 2021-12-06 15:52:14 CET.

Flavor Version Tinstall Tcheck Ttotal Status Flags
r-devel-linux-x86_64-debian-clang 0.0.2 1.87 32.25 34.12 NOTE
r-devel-linux-x86_64-debian-gcc 0.0.2 1.64 26.06 27.70 NOTE
r-devel-linux-x86_64-fedora-clang 0.0.2 43.70 NOTE
r-devel-linux-x86_64-fedora-gcc 0.0.2 32.30 NOTE
r-devel-windows-x86_64-new-UL 0.0.2 6.00 73.00 79.00 NOTE
r-devel-windows-x86_64-new-TK 0.0.2 NOTE
r-devel-windows-x86_64-old 0.0.2 4.00 42.00 46.00 NOTE
r-patched-linux-x86_64 0.0.2 1.67 23.55 25.22 NOTE
r-release-linux-x86_64 0.0.2 1.90 31.23 33.13 NOTE
r-release-macos-arm64 0.0.2 NOTE
r-release-macos-x86_64 0.0.2 NOTE
r-release-windows-ix86+x86_64 0.0.2 5.00 50.00 55.00 NOTE
r-oldrel-macos-x86_64 0.0.2 OK
r-oldrel-windows-ix86+x86_64 0.0.2 5.00 46.00 51.00 OK

Check Details

Version: 0.0.2
Check: LazyData
Result: NOTE
     'LazyData' is specified without a 'data' directory
Flavors: r-devel-linux-x86_64-debian-clang, r-devel-linux-x86_64-debian-gcc, r-devel-linux-x86_64-fedora-clang, r-devel-linux-x86_64-fedora-gcc, r-devel-windows-x86_64-new-UL, r-devel-windows-x86_64-new-TK, r-devel-windows-x86_64-old, r-patched-linux-x86_64, r-release-linux-x86_64, r-release-macos-arm64, r-release-macos-x86_64, r-release-windows-ix86+x86_64