CRAN Package Check Results for Package mopac

Last updated on 2024-07-22 03:49:22 CEST.

Flavor Version Tinstall Tcheck Ttotal Status Flags
r-devel-linux-x86_64-debian-clang 0.1.0 2.23 20.49 22.72 OK
r-devel-linux-x86_64-debian-gcc 0.1.0 1.73 15.89 17.62 OK
r-devel-linux-x86_64-fedora-clang 0.1.0 28.11 NOTE
r-devel-linux-x86_64-fedora-gcc 0.1.0 26.69 NOTE
r-devel-windows-x86_64 0.1.0 3.00 38.00 41.00 OK
r-patched-linux-x86_64 0.1.0 2.25 19.87 22.12 OK
r-release-linux-x86_64 0.1.0 2.06 19.05 21.11 OK
r-release-macos-arm64 0.1.0 14.00 OK
r-release-macos-x86_64 0.1.0 19.00 OK
r-release-windows-x86_64 0.1.0 4.00 38.00 42.00 OK
r-oldrel-macos-arm64 0.1.0 15.00 OK
r-oldrel-macos-x86_64 0.1.0 18.00 OK
r-oldrel-windows-x86_64 0.1.0 4.00 42.00 46.00 OK

Check Details

Version: 0.1.0
Check: data for non-ASCII characters
Result: NOTE Note: found 13 marked UTF-8 strings Flavors: r-devel-linux-x86_64-fedora-clang, r-devel-linux-x86_64-fedora-gcc