CRAN Package Check Results for Package momentuHMM

Last updated on 2022-09-25 03:54:35 CEST.

Flavor Version Tinstall Tcheck Ttotal Status Flags
r-devel-linux-x86_64-debian-clang 1.5.4 129.82 335.13 464.95 OK
r-devel-linux-x86_64-debian-gcc 1.5.4 107.36 238.71 346.07 OK
r-devel-linux-x86_64-fedora-clang 1.5.4 621.75 OK
r-devel-linux-x86_64-fedora-gcc 1.5.4 561.83 OK
r-devel-windows-x86_64 1.5.4 231.00 373.00 604.00 OK
r-patched-linux-x86_64 1.5.4 124.84 309.44 434.28 OK
r-release-linux-x86_64 1.5.4 102.84 310.23 413.07 OK
r-release-macos-arm64 1.5.4 213.00 NOTE
r-release-macos-x86_64 1.5.4 261.00 NOTE
r-release-windows-x86_64 1.5.4 194.00 370.00 564.00 OK
r-oldrel-macos-arm64 1.5.4 226.00 NOTE
r-oldrel-macos-x86_64 1.5.4 194.00 NOTE
r-oldrel-windows-ix86+x86_64 1.5.4 294.00 455.00 749.00 NOTE

Check Details

Version: 1.5.4
Check: installed package size
Result: NOTE
     installed size is 9.1Mb
     sub-directories of 1Mb or more:
     R 2.0Mb
     doc 1.7Mb
     libs 4.6Mb
Flavors: r-release-macos-arm64, r-release-macos-x86_64, r-oldrel-macos-arm64, r-oldrel-macos-x86_64, r-oldrel-windows-ix86+x86_64