CRAN Package Check Results for Package mombf

Last updated on 2021-11-30 15:52:26 CET.

Flavor Version Tinstall Tcheck Ttotal Status Flags
r-devel-linux-x86_64-debian-clang 3.0.7 173.14 263.99 437.13 OK
r-devel-linux-x86_64-debian-gcc 3.0.7 132.55 213.43 345.98 OK
r-devel-linux-x86_64-fedora-clang 3.0.7 595.46 NOTE
r-devel-linux-x86_64-fedora-gcc 3.0.7 600.03 OK
r-devel-windows-x86_64-new-UL 3.0.7 236.00 387.00 623.00 OK
r-devel-windows-x86_64-new-TK 3.0.7 OK
r-devel-windows-x86_64-old 3.0.7 227.00 268.00 495.00 OK
r-patched-linux-x86_64 3.0.7 147.29 288.47 435.76 OK
r-patched-solaris-x86 3.0.7 643.60 OK
r-release-linux-x86_64 3.0.7 152.46 288.53 440.99 OK
r-release-macos-arm64 3.0.7 NOTE
r-release-macos-x86_64 3.0.7 NOTE
r-release-windows-ix86+x86_64 3.0.7 408.00 366.00 774.00 OK
r-oldrel-macos-x86_64 3.0.7 NOTE
r-oldrel-windows-ix86+x86_64 3.0.7 294.00 487.00 781.00 OK

Check Details

Version: 3.0.7
Check: installed package size
Result: NOTE
     installed size is 5.8Mb
     sub-directories of 1Mb or more:
     libs 4.5Mb
Flavors: r-devel-linux-x86_64-fedora-clang, r-release-macos-arm64, r-release-macos-x86_64, r-oldrel-macos-x86_64