CRAN Package Check Results for Package moexer

Last updated on 2021-12-05 03:59:33 CET.

Flavor Version Tinstall Tcheck Ttotal Status Flags
r-devel-linux-x86_64-debian-clang 0.1.0 4.15 54.59 58.74 NOTE
r-devel-linux-x86_64-debian-gcc 0.1.0 3.38 42.40 45.78 NOTE
r-devel-linux-x86_64-fedora-clang 0.1.0 70.43 NOTE
r-devel-linux-x86_64-fedora-gcc 0.1.0 69.28 NOTE
r-devel-windows-x86_64-new-UL 0.1.0 10.00 91.00 101.00 NOTE
r-devel-windows-x86_64-new-TK 0.1.0 NOTE
r-devel-windows-x86_64-old 0.1.0 10.00 52.00 62.00 NOTE
r-patched-linux-x86_64 0.1.0 4.14 42.62 46.76 NOTE
r-release-linux-x86_64 0.1.0 3.95 42.79 46.74 NOTE
r-release-macos-arm64 0.1.0 NOTE
r-release-macos-x86_64 0.1.0 NOTE
r-release-windows-ix86+x86_64 0.1.0 12.00 70.00 82.00 NOTE
r-oldrel-macos-x86_64 0.1.0 OK
r-oldrel-windows-ix86+x86_64 0.1.0 12.00 63.00 75.00 OK

Check Details

Version: 0.1.0
Check: LazyData
Result: NOTE
     'LazyData' is specified without a 'data' directory
Flavors: r-devel-linux-x86_64-debian-clang, r-devel-linux-x86_64-debian-gcc, r-devel-linux-x86_64-fedora-clang, r-devel-linux-x86_64-fedora-gcc, r-devel-windows-x86_64-new-UL, r-devel-windows-x86_64-new-TK, r-devel-windows-x86_64-old, r-patched-linux-x86_64, r-release-linux-x86_64, r-release-macos-arm64, r-release-macos-x86_64, r-release-windows-ix86+x86_64