CRAN Package Check Results for Package modelwordcloud

Last updated on 2021-12-03 03:55:37 CET.

Flavor Version Tinstall Tcheck Ttotal Status Flags
r-devel-linux-x86_64-debian-clang 0.1 1.77 22.77 24.54 NOTE
r-devel-linux-x86_64-debian-gcc 0.1 1.52 18.20 19.72 NOTE
r-devel-linux-x86_64-fedora-clang 0.1 41.70 NOTE
r-devel-linux-x86_64-fedora-gcc 0.1 30.51 NOTE
r-devel-windows-x86_64-new-UL 0.1 5.00 55.00 60.00 NOTE
r-devel-windows-x86_64-new-TK 0.1 NOTE
r-devel-windows-x86_64-old 0.1 4.00 30.00 34.00 NOTE
r-patched-linux-x86_64 0.1 1.66 22.04 23.70 NOTE
r-patched-solaris-x86 0.1 51.30 NOTE
r-release-linux-x86_64 0.1 1.95 22.00 23.95 NOTE
r-release-macos-arm64 0.1 NOTE
r-release-macos-x86_64 0.1 NOTE
r-release-windows-ix86+x86_64 0.1 5.00 45.00 50.00 NOTE
r-oldrel-macos-x86_64 0.1 NOTE
r-oldrel-windows-ix86+x86_64 0.1 5.00 40.00 45.00 OK

Check Details

Version: 0.1
Check: LazyData
Result: NOTE
     'LazyData' is specified without a 'data' directory
Flavors: r-devel-linux-x86_64-debian-clang, r-devel-linux-x86_64-debian-gcc, r-devel-linux-x86_64-fedora-clang, r-devel-linux-x86_64-fedora-gcc, r-devel-windows-x86_64-new-UL, r-devel-windows-x86_64-new-TK, r-devel-windows-x86_64-old, r-patched-linux-x86_64, r-patched-solaris-x86, r-release-linux-x86_64, r-release-macos-arm64, r-release-macos-x86_64, r-release-windows-ix86+x86_64

Version: 0.1
Check: dependencies in R code
Result: NOTE
    Namespace in Imports field not imported from: ‘methods’
     All declared Imports should be used.
Flavors: r-devel-linux-x86_64-fedora-clang, r-devel-linux-x86_64-fedora-gcc, r-devel-windows-x86_64-new-TK, r-patched-solaris-x86, r-release-macos-arm64, r-release-macos-x86_64, r-oldrel-macos-x86_64