CRAN Package Check Results for Package modeLLtest

Last updated on 2021-12-07 03:53:48 CET.

Flavor Version Tinstall Tcheck Ttotal Status Flags
r-devel-linux-x86_64-debian-clang 1.0.3 83.82 157.64 241.46 OK
r-devel-linux-x86_64-debian-gcc 1.0.3 65.65 120.68 186.33 OK
r-devel-linux-x86_64-fedora-clang 1.0.3 321.37 NOTE
r-devel-linux-x86_64-fedora-gcc 1.0.3 302.31 NOTE
r-devel-windows-x86_64-new-UL 1.0.3 116.00 232.00 348.00 OK
r-devel-windows-x86_64-new-TK 1.0.3 NOTE
r-devel-windows-x86_64-old 1.0.3 117.00 152.00 269.00 OK
r-patched-linux-x86_64 1.0.3 74.88 140.73 215.61 OK
r-release-linux-x86_64 1.0.3 75.36 148.66 224.02 OK
r-release-macos-arm64 1.0.3 NOTE
r-release-macos-x86_64 1.0.3 NOTE
r-release-windows-ix86+x86_64 1.0.3 163.00 265.00 428.00 OK
r-oldrel-macos-x86_64 1.0.3 NOTE
r-oldrel-windows-ix86+x86_64 1.0.3 232.00 272.00 504.00 OK

Check Details

Version: 1.0.3
Check: data for non-ASCII characters
Result: NOTE
     Note: found 18 marked Latin-1 strings
Flavors: r-devel-linux-x86_64-fedora-clang, r-devel-linux-x86_64-fedora-gcc, r-devel-windows-x86_64-new-TK, r-release-macos-arm64, r-release-macos-x86_64, r-oldrel-macos-x86_64