Last updated on 2023-02-06 15:57:21 CET.
Flavor | Version | Tinstall | Tcheck | Ttotal | Status | Flags |
---|---|---|---|---|---|---|
r-devel-linux-x86_64-debian-clang | 0.2.1 | 2.02 | 40.94 | 42.96 | NOTE | |
r-devel-linux-x86_64-debian-gcc | 0.2.1 | 2.06 | 30.58 | 32.64 | NOTE | |
r-devel-linux-x86_64-fedora-clang | 0.2.1 | 55.07 | NOTE | |||
r-devel-linux-x86_64-fedora-gcc | 0.2.1 | 65.74 | NOTE | |||
r-devel-windows-x86_64 | 0.2.1 | 29.00 | 76.00 | 105.00 | NOTE | |
r-patched-linux-x86_64 | 0.2.1 | 2.55 | 40.66 | 43.21 | OK | |
r-release-linux-x86_64 | 0.2.1 | 1.96 | 41.03 | 42.99 | OK | |
r-release-macos-arm64 | 0.2.1 | 19.00 | OK | |||
r-release-macos-x86_64 | 0.2.1 | 27.00 | OK | |||
r-release-windows-x86_64 | 0.2.1 | 41.00 | 78.00 | 119.00 | OK | |
r-oldrel-macos-arm64 | 0.2.1 | 25.00 | OK | |||
r-oldrel-macos-x86_64 | 0.2.1 | 36.00 | OK | |||
r-oldrel-windows-ix86+x86_64 | 0.2.1 | 7.00 | 82.00 | 89.00 | OK |
Version: 0.2.1
Check: package subdirectories
Result: NOTE
Problems with news in ‘NEWS.md’:
No news entries found.
Flavors: r-devel-linux-x86_64-debian-clang, r-devel-linux-x86_64-debian-gcc, r-devel-linux-x86_64-fedora-clang, r-devel-linux-x86_64-fedora-gcc, r-devel-windows-x86_64