CRAN Package Check Results for Package mmapcharr

Last updated on 2021-12-07 03:53:47 CET.

Flavor Version Tinstall Tcheck Ttotal Status Flags
r-devel-linux-x86_64-debian-clang 0.3.0 34.97 37.15 72.12 NOTE
r-devel-linux-x86_64-debian-gcc 0.3.0 24.50 29.81 54.31 NOTE
r-devel-linux-x86_64-fedora-clang 0.3.0 105.14 NOTE
r-devel-linux-x86_64-fedora-gcc 0.3.0 85.53 NOTE
r-devel-windows-x86_64-new-UL 0.3.0 61.00 94.00 155.00 NOTE
r-devel-windows-x86_64-new-TK 0.3.0 NOTE
r-devel-windows-x86_64-old 0.3.0 61.00 46.00 107.00 NOTE
r-patched-linux-x86_64 0.3.0 29.52 28.28 57.80 NOTE
r-release-linux-x86_64 0.3.0 31.28 36.32 67.60 NOTE
r-release-macos-arm64 0.3.0 NOTE
r-release-macos-x86_64 0.3.0 NOTE
r-release-windows-ix86+x86_64 0.3.0 83.00 81.00 164.00 NOTE
r-oldrel-macos-x86_64 0.3.0 OK
r-oldrel-windows-ix86+x86_64 0.3.0 111.00 83.00 194.00 OK

Check Details

Version: 0.3.0
Check: LazyData
Result: NOTE
     'LazyData' is specified without a 'data' directory
Flavors: r-devel-linux-x86_64-debian-clang, r-devel-linux-x86_64-debian-gcc, r-devel-linux-x86_64-fedora-clang, r-devel-linux-x86_64-fedora-gcc, r-devel-windows-x86_64-new-UL, r-devel-windows-x86_64-new-TK, r-devel-windows-x86_64-old, r-patched-linux-x86_64, r-release-linux-x86_64, r-release-macos-arm64, r-release-macos-x86_64, r-release-windows-ix86+x86_64