CRAN Package Check Results for Package mlrMBO

Last updated on 2021-10-23 14:58:07 CEST.

Flavor Version Tinstall Tcheck Ttotal Status Flags
r-devel-linux-x86_64-debian-clang 1.1.5 21.55 337.05 358.60 NOTE
r-devel-linux-x86_64-debian-gcc 1.1.5 15.67 243.97 259.64 NOTE
r-devel-linux-x86_64-fedora-clang 1.1.5 444.52 NOTE
r-devel-linux-x86_64-fedora-gcc 1.1.5 430.82 NOTE
r-devel-windows-x86_64 1.1.5 29.00 336.00 365.00 NOTE
r-devel-windows-x86_64-gcc10-UCRT 1.1.5 NOTE
r-patched-linux-x86_64 1.1.5 19.62 315.83 335.45 NOTE
r-patched-solaris-x86 1.1.5 568.70 NOTE
r-release-linux-x86_64 1.1.5 20.64 319.47 340.11 NOTE
r-release-macos-arm64 1.1.5 NOTE
r-release-macos-x86_64 1.1.5 NOTE
r-release-windows-ix86+x86_64 1.1.5 33.00 560.00 593.00 NOTE
r-oldrel-macos-x86_64 1.1.5 OK
r-oldrel-windows-ix86+x86_64 1.1.5 46.00 593.00 639.00 OK

Check Details

Version: 1.1.5
Check: LazyData
Result: NOTE
     'LazyData' is specified without a 'data' directory
Flavors: r-devel-linux-x86_64-debian-clang, r-devel-linux-x86_64-debian-gcc, r-devel-linux-x86_64-fedora-clang, r-devel-linux-x86_64-fedora-gcc, r-devel-windows-x86_64, r-devel-windows-x86_64-gcc10-UCRT, r-patched-linux-x86_64, r-patched-solaris-x86, r-release-linux-x86_64, r-release-macos-arm64, r-release-macos-x86_64, r-release-windows-ix86+x86_64