Last updated on 2022-08-16 15:50:20 CEST.
Flavor | Version | Tinstall | Tcheck | Ttotal | Status | Flags |
---|---|---|---|---|---|---|
r-devel-linux-x86_64-debian-clang | 1.0.1 | 12.64 | 143.86 | 156.50 | OK | |
r-devel-linux-x86_64-debian-gcc | 1.0.1 | 12.31 | 107.94 | 120.25 | OK | |
r-devel-linux-x86_64-fedora-clang | 1.0.1 | 199.33 | NOTE | |||
r-devel-linux-x86_64-fedora-gcc | 1.0.1 | 199.14 | NOTE | |||
r-devel-windows-x86_64 | 1.0.1 | 37.00 | 173.00 | 210.00 | OK | |
r-patched-linux-x86_64 | 1.0.1 | 14.87 | 149.07 | 163.94 | OK | |
r-release-linux-x86_64 | 1.0.1 | 14.03 | 145.74 | 159.77 | OK | |
r-release-macos-arm64 | 1.0.1 | 88.00 | NOTE | |||
r-release-macos-x86_64 | 1.0.1 | 133.00 | NOTE | |||
r-release-windows-x86_64 | 1.0.1 | 48.00 | 187.00 | 235.00 | OK | |
r-oldrel-macos-arm64 | 1.0.1 | 82.00 | NOTE | |||
r-oldrel-macos-x86_64 | 1.0.1 | 115.00 | NOTE | |||
r-oldrel-windows-ix86+x86_64 | 1.0.1 | 28.00 | 167.00 | 195.00 | OK |
Version: 1.0.1
Check: package dependencies
Result: NOTE
Imports includes 31 non-default packages.
Importing from so many packages makes the package vulnerable to any of
them becoming unavailable. Move as many as possible to Suggests and
use conditionally.
Flavor: r-devel-linux-x86_64-fedora-clang
Version: 1.0.1
Check: dependencies in R code
Result: NOTE
Namespaces in Imports field not imported from:
‘ClusterR’ ‘MASS’ ‘Rdpack’ ‘multiwave’ ‘ranger’
All declared Imports should be used.
Flavors: r-devel-linux-x86_64-fedora-clang, r-devel-linux-x86_64-fedora-gcc, r-release-macos-arm64, r-release-macos-x86_64, r-oldrel-macos-arm64, r-oldrel-macos-x86_64