CRAN Package Check Results for Package mlexperiments

Last updated on 2024-07-16 03:54:25 CEST.

Flavor Version Tinstall Tcheck Ttotal Status Flags
r-devel-linux-x86_64-debian-clang 0.0.4 16.16 218.47 234.63 OK
r-devel-linux-x86_64-debian-gcc 0.0.4 10.94 214.71 225.65 OK
r-devel-linux-x86_64-fedora-clang 0.0.4 331.36 OK
r-devel-linux-x86_64-fedora-gcc 0.0.4 360.22 OK
r-devel-windows-x86_64 0.0.4 12.00 307.00 319.00 OK
r-patched-linux-x86_64 0.0.4 9.69 256.13 265.82 OK
r-release-linux-x86_64 0.0.4 8.94 244.34 253.28 OK
r-release-macos-arm64 0.0.4 208.00 OK
r-release-macos-x86_64 0.0.4 361.00 OK
r-release-windows-x86_64 0.0.4 12.00 310.00 322.00 OK
r-oldrel-macos-arm64 0.0.4 581.00 ERROR
r-oldrel-macos-x86_64 0.0.4 775.00 ERROR
r-oldrel-windows-x86_64 0.0.4 19.00 408.00 427.00 OK

Check Details

Version: 0.0.4
Check: running R code from vignettes
Result: ERROR Errors in running code in vignettes: when running code in ‘mlexperiments_rpart_regression.qmd’ ... > preds_rpart <- mlexperiments::predictions(object = validator, + newdata = test_x) > preds_lm <- mlexperiments::predictions(object = validator_lm, + newdata = test_x) When sourcing ‘mlexperiments_rpart_regression.R’: Error: variable 'chas' was fitted with type "numeric" but type "factor" was supplied Execution halted ‘mlexperiments_knn_binary.qmd’ using ‘UTF-8’... [3s/12s] OK ‘mlexperiments_knn_multiclass.qmd’ using ‘UTF-8’... [24s/43s] OK ‘mlexperiments_rpart_binary.qmd’ using ‘UTF-8’... [3s/11s] OK ‘mlexperiments_rpart_multiclass.qmd’ using ‘UTF-8’... [57s/169s] OK ‘mlexperiments_rpart_regression.qmd’ using ‘UTF-8’... failed ‘mlexperiments_starter.qmd’ using ‘UTF-8’... [49s/132s] OK Flavor: r-oldrel-macos-arm64

Version: 0.0.4
Check: running R code from vignettes
Result: ERROR Errors in running code in vignettes: when running code in ‘mlexperiments_rpart_regression.qmd’ ... > preds_rpart <- mlexperiments::predictions(object = validator, + newdata = test_x) > preds_lm <- mlexperiments::predictions(object = validator_lm, + newdata = test_x) When sourcing ‘mlexperiments_rpart_regression.R’: Error: variable 'chas' was fitted with type "numeric" but type "factor" was supplied Execution halted ‘mlexperiments_knn_binary.qmd’ using ‘UTF-8’... [4s/16s] OK ‘mlexperiments_knn_multiclass.qmd’ using ‘UTF-8’... [35s/79s] OK ‘mlexperiments_rpart_binary.qmd’ using ‘UTF-8’... [5s/18s] OK ‘mlexperiments_rpart_multiclass.qmd’ using ‘UTF-8’... [67s/145s] OK ‘mlexperiments_rpart_regression.qmd’ using ‘UTF-8’... failed ‘mlexperiments_starter.qmd’ using ‘UTF-8’... [64s/143s] OK Flavor: r-oldrel-macos-x86_64