CRAN Package Check Results for Package misty

Last updated on 2022-01-25 15:54:23 CET.

Flavor Version Tinstall Tcheck Ttotal Status Flags
r-devel-linux-x86_64-debian-clang 0.4.3 25.78 124.69 150.47 OK
r-devel-linux-x86_64-debian-gcc 0.4.3 27.78 91.70 119.48 OK
r-devel-linux-x86_64-fedora-clang 0.4.3 199.00 OK
r-devel-linux-x86_64-fedora-gcc 0.4.3 173.60 OK
r-devel-windows-x86_64-new-UL 0.4.3 81.00 138.00 219.00 OK
r-devel-windows-x86_64-new-TK 0.4.3 ERROR
r-patched-linux-x86_64 0.4.3 20.22 119.66 139.88 OK
r-release-linux-x86_64 0.4.3 19.06 120.52 139.58 OK
r-release-macos-arm64 0.4.3 OK
r-release-macos-x86_64 0.4.3 OK
r-release-windows-ix86+x86_64 0.4.3 43.00 130.00 173.00 OK
r-oldrel-macos-x86_64 0.4.3 OK
r-oldrel-windows-ix86+x86_64 0.4.3 44.00 129.00 173.00 OK

Check Details

Version: 0.4.3
Check: package dependencies
Result: ERROR
    Package required but not available: 'lme4'
    
    See section 'The DESCRIPTION file' in the 'Writing R Extensions'
    manual.
Flavor: r-devel-windows-x86_64-new-TK