Last updated on 2025-04-30 04:50:11 CEST.
Flavor | Version | Tinstall | Tcheck | Ttotal | Status | Flags |
---|---|---|---|---|---|---|
r-devel-linux-x86_64-debian-clang | 2.2.2 | 24.22 | 406.88 | 431.10 | NOTE | |
r-devel-linux-x86_64-debian-gcc | 2.2.2 | 17.85 | 284.42 | 302.27 | NOTE | |
r-devel-linux-x86_64-fedora-clang | 2.2.2 | 650.16 | OK | |||
r-devel-linux-x86_64-fedora-gcc | 2.2.2 | 773.71 | OK | |||
r-devel-windows-x86_64 | 2.2.2 | 29.00 | 370.00 | 399.00 | NOTE | |
r-patched-linux-x86_64 | 2.2.2 | 23.50 | 377.36 | 400.86 | NOTE | |
r-release-linux-x86_64 | 2.2.2 | 21.89 | 403.07 | 424.96 | NOTE | |
r-release-macos-arm64 | 2.2.2 | 187.00 | OK | |||
r-release-macos-x86_64 | 2.2.2 | 353.00 | OK | |||
r-release-windows-x86_64 | 2.2.2 | 30.00 | 462.00 | 492.00 | NOTE | |
r-oldrel-macos-arm64 | 2.2.2 | 229.00 | OK | |||
r-oldrel-macos-x86_64 | 2.2.2 | 260.00 | OK | |||
r-oldrel-windows-x86_64 | 2.2.2 | 33.00 | 520.00 | 553.00 | OK |
Version: 2.2.2
Check: CRAN incoming feasibility
Result: NOTE
Maintainer: ‘Bertrand Iooss <biooss@yahoo.fr>’
No Authors@R field in DESCRIPTION.
Please add one, modifying
Authors@R: c(person(given = "Clement",
family = "Walter",
role = "aut"),
person(given = "Gilles",
family = "Defaux",
role = "aut"),
person(given = "Bertrand",
family = "Iooss",
role = c("aut", "cre"),
email = "biooss@yahoo.fr"),
person(given = c("Vincent", "Moutoussamy", "with", "contributions", "from", "Nicolas"),
family = "Bousquet",
role = "aut"),
person(given = "Claire",
family = "Cannamela",
role = "aut"),
person(given = "Paul",
family = "Lemaitre",
role = "aut"))
as necessary.
Flavors: r-devel-linux-x86_64-debian-clang, r-devel-linux-x86_64-debian-gcc
Version: 2.2.2
Check: Rd cross-references
Result: NOTE
Found the following Rd file(s) with Rd \link{} targets missing package
anchors:
MonteCarlo.Rd: foreach
Please provide package anchors for all Rd \link{} targets not in the
package itself and the base packages.
Flavors: r-devel-linux-x86_64-debian-clang, r-devel-linux-x86_64-debian-gcc, r-devel-windows-x86_64, r-patched-linux-x86_64, r-release-linux-x86_64, r-release-windows-x86_64
Version: 2.2.2
Check: examples
Result: NOTE
Examples with CPU (user + system) or elapsed time > 5s
user system elapsed
generateK 4.03 0.006 6.262
Flavor: r-devel-linux-x86_64-debian-clang