CRAN Package Check Results for Package misc3d

Last updated on 2021-12-01 15:52:03 CET.

Flavor Version Tinstall Tcheck Ttotal Status Flags
r-devel-linux-x86_64-debian-clang 0.9-1 6.47 47.32 53.79 OK
r-devel-linux-x86_64-debian-gcc 0.9-1 4.93 37.78 42.71 OK
r-devel-linux-x86_64-fedora-clang 0.9-1 79.20 NOTE
r-devel-linux-x86_64-fedora-gcc 0.9-1 72.22 OK
r-devel-windows-x86_64-new-UL 0.9-1 14.00 99.00 113.00 OK
r-devel-windows-x86_64-new-TK 0.9-1 OK
r-devel-windows-x86_64-old 0.9-1 9.00 53.00 62.00 OK
r-patched-linux-x86_64 0.9-1 6.19 47.58 53.77 OK
r-patched-solaris-x86 0.9-1 99.30 OK
r-release-linux-x86_64 0.9-1 6.33 47.53 53.86 OK
r-release-macos-arm64 0.9-1 OK
r-release-macos-x86_64 0.9-1 OK
r-release-windows-ix86+x86_64 0.9-1 9.00 75.00 84.00 OK
r-oldrel-macos-x86_64 0.9-1 OK
r-oldrel-windows-ix86+x86_64 0.9-1 9.00 67.00 76.00 OK

Check Details

Version: 0.9-1
Check: Rd cross-references
Result: NOTE
    Undeclared package ‘scatterplot3d’ in Rd xrefs
Flavor: r-devel-linux-x86_64-fedora-clang