CRAN Package Check Results for Package misc3d

Last updated on 2022-09-30 04:59:14 CEST.

Flavor Version Tinstall Tcheck Ttotal Status Flags
r-devel-linux-x86_64-debian-clang 0.9-1 5.91 49.87 55.78 OK
r-devel-linux-x86_64-debian-gcc 0.9-1 3.53 38.23 41.76 OK
r-devel-linux-x86_64-fedora-clang 0.9-1 84.11 NOTE
r-devel-linux-x86_64-fedora-gcc 0.9-1 76.49 OK
r-devel-windows-x86_64 0.9-1 25.00 109.00 134.00 OK
r-patched-linux-x86_64 0.9-1 6.84 51.62 58.46 OK
r-release-linux-x86_64 0.9-1 6.87 52.04 58.91 OK
r-release-macos-arm64 0.9-1 50.00 OK
r-release-macos-x86_64 0.9-1 53.00 OK
r-release-windows-x86_64 0.9-1 22.00 123.00 145.00 OK
r-oldrel-macos-arm64 0.9-1 48.00 OK
r-oldrel-macos-x86_64 0.9-1 48.00 OK
r-oldrel-windows-ix86+x86_64 0.9-1 17.00 83.00 100.00 OK

Check Details

Version: 0.9-1
Check: Rd cross-references
Result: NOTE
    Undeclared package ‘scatterplot3d’ in Rd xrefs
Flavor: r-devel-linux-x86_64-fedora-clang