CRAN Package Check Results for Package mirt

Last updated on 2021-11-29 15:51:18 CET.

Flavor Version Tinstall Tcheck Ttotal Status Flags
r-devel-linux-x86_64-debian-clang 1.34 150.28 216.33 366.61 OK
r-devel-linux-x86_64-debian-gcc 1.34 110.27 160.78 271.05 OK
r-devel-linux-x86_64-fedora-clang 1.34 482.94 NOTE
r-devel-linux-x86_64-fedora-gcc 1.34 481.74 OK
r-devel-windows-x86_64-new-UL 1.34 188.00 309.00 497.00 OK
r-devel-windows-x86_64-new-TK 1.34 OK
r-devel-windows-x86_64-old 1.34 179.00 197.00 376.00 OK
r-patched-linux-x86_64 1.34 126.28 212.93 339.21 OK
r-patched-solaris-x86 1.34 461.00 OK
r-release-linux-x86_64 1.34 121.62 212.23 333.85 OK
r-release-macos-arm64 1.34 NOTE
r-release-macos-x86_64 1.34 NOTE
r-release-windows-ix86+x86_64 1.34 292.00 232.00 524.00 NOTE
r-oldrel-macos-x86_64 1.34 NOTE
r-oldrel-windows-ix86+x86_64 1.34 208.00 233.00 441.00 NOTE

Check Details

Version: 1.34
Check: installed package size
Result: NOTE
     installed size is 8.3Mb
     sub-directories of 1Mb or more:
     R 1.4Mb
     libs 6.2Mb
Flavors: r-devel-linux-x86_64-fedora-clang, r-release-macos-arm64, r-release-macos-x86_64, r-release-windows-ix86+x86_64, r-oldrel-macos-x86_64, r-oldrel-windows-ix86+x86_64