CRAN Package Check Results for Package mipfp

Last updated on 2024-07-19 03:57:25 CEST.

Flavor Version Tinstall Tcheck Ttotal Status Flags
r-devel-linux-x86_64-debian-clang 3.2.1 3.77 40.04 43.81 NOTE
r-devel-linux-x86_64-debian-gcc 3.2.1 3.35 30.46 33.81 NOTE
r-devel-linux-x86_64-fedora-clang 3.2.1 56.70 NOTE
r-devel-linux-x86_64-fedora-gcc 3.2.1 53.64 NOTE
r-devel-windows-x86_64 3.2.1 5.00 57.00 62.00 NOTE
r-patched-linux-x86_64 3.2.1 4.80 38.20 43.00 NOTE
r-release-linux-x86_64 3.2.1 3.73 39.36 43.09 NOTE
r-release-macos-arm64 3.2.1 22.00 NOTE
r-release-macos-x86_64 3.2.1 34.00 NOTE
r-release-windows-x86_64 3.2.1 5.00 56.00 61.00 NOTE
r-oldrel-macos-arm64 3.2.1 21.00 OK
r-oldrel-macos-x86_64 3.2.1 31.00 OK
r-oldrel-windows-x86_64 3.2.1 6.00 61.00 67.00 OK

Check Details

Version: 3.2.1
Check: Rd files
Result: NOTE checkRd: (-1) gof.estimates.Rd:59-62: Lost braces in \itemize; meant \describe ? checkRd: (-1) gof.estimates.Rd:63-66: Lost braces in \itemize; meant \describe ? checkRd: (-1) gof.estimates.Rd:67-70: Lost braces in \itemize; meant \describe ? checkRd: (-1) vcov.mipfp.Rd:63-66: Lost braces in \itemize; meant \describe ? checkRd: (-1) vcov.mipfp.Rd:67-70: Lost braces in \itemize; meant \describe ? checkRd: (-1) vcov.mipfp.Rd:71-74: Lost braces in \itemize; meant \describe ? checkRd: (-1) vcov.mipfp.Rd:75-78: Lost braces in \itemize; meant \describe ? checkRd: (-1) vcov.mipfp.Rd:89-91: Lost braces in \itemize; meant \describe ? checkRd: (-1) vcov.mipfp.Rd:92-95: Lost braces in \itemize; meant \describe ? Flavors: r-devel-linux-x86_64-debian-clang, r-devel-linux-x86_64-debian-gcc, r-devel-linux-x86_64-fedora-clang, r-devel-linux-x86_64-fedora-gcc, r-devel-windows-x86_64, r-patched-linux-x86_64, r-release-linux-x86_64, r-release-macos-arm64, r-release-macos-x86_64, r-release-windows-x86_64