CRAN Package Check Results for Package minval

Last updated on 2021-12-03 03:55:37 CET.

Flavor Version Tinstall Tcheck Ttotal Status Flags
r-devel-linux-x86_64-debian-clang 0.8-1 3.78 79.06 82.84 NOTE
r-devel-linux-x86_64-debian-gcc 0.8-1 1.89 59.02 60.91 NOTE
r-devel-linux-x86_64-fedora-clang 0.8-1 110.85 NOTE
r-devel-linux-x86_64-fedora-gcc 0.8-1 103.52 NOTE
r-devel-windows-x86_64-new-UL 0.8-1 10.00 156.00 166.00 NOTE
r-devel-windows-x86_64-new-TK 0.8-1 NOTE
r-devel-windows-x86_64-old 0.8-1 7.00 113.00 120.00 NOTE
r-patched-linux-x86_64 0.8-1 3.90 73.17 77.07 NOTE
r-patched-solaris-x86 0.8-1 63.20 NOTE
r-release-linux-x86_64 0.8-1 3.23 74.79 78.02 NOTE
r-release-macos-arm64 0.8-1 NOTE
r-release-macos-x86_64 0.8-1 NOTE
r-release-windows-ix86+x86_64 0.8-1 8.00 139.00 147.00 NOTE
r-oldrel-macos-x86_64 0.8-1 OK
r-oldrel-windows-ix86+x86_64 0.8-1 7.00 103.00 110.00 OK

Check Details

Version: 0.8-1
Check: LazyData
Result: NOTE
     'LazyData' is specified without a 'data' directory
Flavors: r-devel-linux-x86_64-debian-clang, r-devel-linux-x86_64-debian-gcc, r-devel-linux-x86_64-fedora-clang, r-devel-linux-x86_64-fedora-gcc, r-devel-windows-x86_64-new-UL, r-devel-windows-x86_64-new-TK, r-devel-windows-x86_64-old, r-patched-linux-x86_64, r-patched-solaris-x86, r-release-linux-x86_64, r-release-macos-arm64, r-release-macos-x86_64, r-release-windows-ix86+x86_64

Version: 0.8-1
Check: for non-standard things in the check directory
Result: NOTE
    Found the following files/directories:
     'glycolysis.xml' 'glycolysis_desc.tsv' 'glycolysis_met.tsv'
     'glycolysis_react.tsv'
Flavors: r-devel-linux-x86_64-debian-clang, r-devel-linux-x86_64-debian-gcc, r-devel-linux-x86_64-fedora-clang, r-devel-linux-x86_64-fedora-gcc, r-patched-linux-x86_64, r-patched-solaris-x86, r-release-linux-x86_64