CRAN Package Check Results for Package miniUI

Last updated on 2021-11-28 15:48:46 CET.

Flavor Version Tinstall Tcheck Ttotal Status Flags
r-devel-linux-x86_64-debian-clang 0.1.1.1 NOTE
r-devel-linux-x86_64-debian-gcc 0.1.1.1 2.56 25.77 28.33 NOTE
r-devel-linux-x86_64-fedora-clang 0.1.1.1 54.68 NOTE
r-devel-linux-x86_64-fedora-gcc 0.1.1.1 43.39 NOTE
r-devel-windows-x86_64-new-UL 0.1.1.1 9.00 67.00 76.00 NOTE
r-devel-windows-x86_64-new-TK 0.1.1.1 NOTE
r-devel-windows-x86_64-old 0.1.1.1 5.00 59.00 64.00 NOTE
r-patched-linux-x86_64 0.1.1.1 6.85 30.79 37.64 NOTE
r-patched-solaris-x86 0.1.1.1 68.00 NOTE
r-release-linux-x86_64 0.1.1.1 3.39 30.86 34.25 NOTE
r-release-macos-arm64 0.1.1.1 NOTE
r-release-macos-x86_64 0.1.1.1 NOTE
r-release-windows-ix86+x86_64 0.1.1.1 8.00 38.00 46.00 NOTE
r-oldrel-macos-x86_64 0.1.1.1 OK
r-oldrel-windows-ix86+x86_64 0.1.1.1 8.00 53.00 61.00 OK

Check Details

Version: 0.1.1.1
Check: LazyData
Result: NOTE
     'LazyData' is specified without a 'data' directory
Flavors: r-devel-linux-x86_64-debian-clang, r-devel-linux-x86_64-debian-gcc, r-devel-linux-x86_64-fedora-clang, r-devel-linux-x86_64-fedora-gcc, r-devel-windows-x86_64-new-UL, r-devel-windows-x86_64-new-TK, r-devel-windows-x86_64-old, r-patched-linux-x86_64, r-patched-solaris-x86, r-release-linux-x86_64, r-release-macos-arm64, r-release-macos-x86_64, r-release-windows-ix86+x86_64