CRAN Package Check Results for Package miniMeta

Last updated on 2022-01-24 15:54:18 CET.

Flavor Version Tinstall Tcheck Ttotal Status Flags
r-devel-linux-x86_64-debian-clang 0.2 11.42 106.56 117.98 OK
r-devel-linux-x86_64-debian-gcc 0.2 10.15 82.03 92.18 OK
r-devel-linux-x86_64-fedora-clang 0.2 146.54 NOTE
r-devel-linux-x86_64-fedora-gcc 0.2 141.17 NOTE
r-devel-windows-x86_64-new-UL 0.2 52.00 146.00 198.00 OK
r-devel-windows-x86_64-new-TK 0.2 ERROR
r-patched-linux-x86_64 0.2 8.32 103.22 111.54 OK
r-release-linux-x86_64 0.2 10.00 103.32 113.32 OK
r-release-macos-arm64 0.2 NOTE
r-release-macos-x86_64 0.2 NOTE
r-release-windows-ix86+x86_64 0.2 28.00 127.00 155.00 OK
r-oldrel-macos-x86_64 0.2 NOTE
r-oldrel-windows-ix86+x86_64 0.2 28.00 128.00 156.00 OK

Check Details

Version: 0.2
Check: dependencies in R code
Result: NOTE
    Namespaces in Imports field not imported from:
     ‘markdown’ ‘metafor’
     All declared Imports should be used.
Flavors: r-devel-linux-x86_64-fedora-clang, r-devel-linux-x86_64-fedora-gcc, r-release-macos-arm64, r-release-macos-x86_64, r-oldrel-macos-x86_64

Version: 0.2
Check: package dependencies
Result: ERROR
    Package required but not available: 'meta'
    
    See section 'The DESCRIPTION file' in the 'Writing R Extensions'
    manual.
Flavor: r-devel-windows-x86_64-new-TK