CRAN Package Check Results for Package milr

Last updated on 2024-06-25 05:00:59 CEST.

Flavor Version Tinstall Tcheck Ttotal Status Flags
r-devel-linux-x86_64-debian-clang 0.3.1 118.80 137.57 256.37 NOTE
r-devel-linux-x86_64-debian-gcc 0.3.1 76.59 107.73 184.32 NOTE
r-devel-linux-x86_64-fedora-clang 0.3.1 353.56 NOTE
r-devel-linux-x86_64-fedora-gcc 0.3.1 370.71 NOTE
r-devel-windows-x86_64 0.3.1 88.00 147.00 235.00 NOTE
r-patched-linux-x86_64 0.3.1 95.34 134.42 229.76 NOTE
r-release-linux-x86_64 0.3.1 93.61 136.05 229.66 NOTE
r-release-macos-arm64 0.3.1 90.00 NOTE
r-release-macos-x86_64 0.3.1 123.00 NOTE
r-release-windows-x86_64 0.3.1 91.00 149.00 240.00 NOTE
r-oldrel-macos-arm64 0.3.1 106.00 NOTE
r-oldrel-macos-x86_64 0.3.1 180.00 NOTE
r-oldrel-windows-x86_64 0.3.1 108.00 178.00 286.00 NOTE

Check Details

Version: 0.3.1
Check: C++ specification
Result: NOTE Specified C++11: please drop specification unless essential Flavors: r-devel-linux-x86_64-debian-clang, r-devel-linux-x86_64-debian-gcc, r-devel-linux-x86_64-fedora-clang, r-devel-linux-x86_64-fedora-gcc, r-devel-windows-x86_64, r-patched-linux-x86_64, r-release-linux-x86_64, r-release-macos-arm64, r-release-macos-x86_64, r-release-windows-x86_64, r-oldrel-macos-arm64, r-oldrel-macos-x86_64, r-oldrel-windows-x86_64

Version: 0.3.1
Check: Rd files
Result: NOTE checkRd: (-1) milr.Rd:45: Lost braces in \itemize; \value handles \item{}{} directly checkRd: (-1) milr.Rd:46-47: Lost braces in \itemize; \value handles \item{}{} directly checkRd: (-1) milr.Rd:48: Lost braces in \itemize; \value handles \item{}{} directly checkRd: (-1) milr.Rd:49: Lost braces in \itemize; \value handles \item{}{} directly checkRd: (-1) milr.Rd:50: Lost braces in \itemize; \value handles \item{}{} directly checkRd: (-1) milr.Rd:51-52: Lost braces in \itemize; \value handles \item{}{} directly Flavors: r-devel-linux-x86_64-debian-clang, r-devel-linux-x86_64-debian-gcc, r-devel-linux-x86_64-fedora-clang, r-devel-linux-x86_64-fedora-gcc, r-devel-windows-x86_64, r-patched-linux-x86_64, r-release-linux-x86_64, r-release-macos-arm64, r-release-macos-x86_64, r-release-windows-x86_64

Version: 0.3.1
Check: LazyData
Result: NOTE 'LazyData' is specified without a 'data' directory Flavors: r-devel-linux-x86_64-debian-clang, r-devel-linux-x86_64-debian-gcc, r-devel-linux-x86_64-fedora-clang, r-devel-linux-x86_64-fedora-gcc, r-devel-windows-x86_64, r-patched-linux-x86_64, r-release-linux-x86_64, r-release-macos-arm64, r-release-macos-x86_64, r-release-windows-x86_64, r-oldrel-macos-arm64, r-oldrel-macos-x86_64, r-oldrel-windows-x86_64