Last updated on 2025-01-23 15:49:23 CET.
Flavor | Version | Tinstall | Tcheck | Ttotal | Status | Flags |
---|---|---|---|---|---|---|
r-devel-linux-x86_64-debian-clang | 1.0.2 | 4.64 | 49.28 | 53.92 | OK | |
r-devel-linux-x86_64-debian-gcc | 1.0.2 | 3.28 | 35.86 | 39.14 | OK | |
r-devel-linux-x86_64-fedora-clang | 1.0.2 | 85.06 | OK | |||
r-devel-linux-x86_64-fedora-gcc | 1.0.2 | 91.78 | OK | |||
r-devel-windows-x86_64 | 1.0.2 | 7.00 | 76.00 | 83.00 | OK | |
r-patched-linux-x86_64 | 1.0.2 | 4.51 | 42.28 | 46.79 | NOTE | |
r-release-linux-x86_64 | 1.0.2 | 4.34 | 42.25 | 46.59 | NOTE | |
r-release-macos-arm64 | 1.0.2 | 52.00 | NOTE | |||
r-release-macos-x86_64 | 1.0.2 | 57.00 | NOTE | |||
r-release-windows-x86_64 | 1.0.2 | 8.00 | 74.00 | 82.00 | NOTE | |
r-oldrel-macos-arm64 | 1.0.2 | 41.00 | NOTE | |||
r-oldrel-macos-x86_64 | 1.0.2 | 95.00 | NOTE | |||
r-oldrel-windows-x86_64 | 1.0.2 | 7.00 | 77.00 | 84.00 | NOTE |
Version: 1.0.2
Check: package dependencies
Result: NOTE
Package suggested but not available for checking: ‘midfielddata’
Flavors: r-patched-linux-x86_64, r-release-linux-x86_64, r-release-macos-arm64, r-release-macos-x86_64, r-release-windows-x86_64, r-oldrel-macos-arm64, r-oldrel-macos-x86_64, r-oldrel-windows-x86_64