CRAN Package Check Results for Package midas

Last updated on 2022-01-22 03:56:49 CET.

Flavor Version Tinstall Tcheck Ttotal Status Flags
r-devel-linux-x86_64-debian-clang 1.0.1 2.78 41.20 43.98 NOTE
r-devel-linux-x86_64-debian-gcc 1.0.1 2.01 31.95 33.96 NOTE
r-devel-linux-x86_64-fedora-clang 1.0.1 54.69 NOTE
r-devel-linux-x86_64-fedora-gcc 1.0.1 43.05 NOTE
r-devel-windows-x86_64-new-UL 1.0.1 15.00 68.00 83.00 NOTE
r-devel-windows-x86_64-new-TK 1.0.1 NOTE
r-patched-linux-x86_64 1.0.1 2.00 40.14 42.14 NOTE
r-release-linux-x86_64 1.0.1 2.78 39.55 42.33 NOTE
r-release-macos-arm64 1.0.1 NOTE
r-release-macos-x86_64 1.0.1 NOTE
r-release-windows-ix86+x86_64 1.0.1 9.00 55.00 64.00 NOTE
r-oldrel-macos-x86_64 1.0.1 OK
r-oldrel-windows-ix86+x86_64 1.0.1 9.00 53.00 62.00 OK

Check Details

Version: 1.0.1
Check: LazyData
Result: NOTE
     'LazyData' is specified without a 'data' directory
Flavors: r-devel-linux-x86_64-debian-clang, r-devel-linux-x86_64-debian-gcc, r-devel-linux-x86_64-fedora-clang, r-devel-linux-x86_64-fedora-gcc, r-devel-windows-x86_64-new-UL, r-devel-windows-x86_64-new-TK, r-patched-linux-x86_64, r-release-linux-x86_64, r-release-macos-arm64, r-release-macos-x86_64, r-release-windows-ix86+x86_64