CRAN Package Check Results for Package midas

Last updated on 2022-06-30 15:51:45 CEST.

Flavor Version Tinstall Tcheck Ttotal Status Flags
r-devel-linux-x86_64-debian-clang 1.0.1 3.75 36.21 39.96 NOTE
r-devel-linux-x86_64-debian-gcc 1.0.1 3.00 28.76 31.76 NOTE
r-devel-linux-x86_64-fedora-clang 1.0.1 60.34 NOTE
r-devel-linux-x86_64-fedora-gcc 1.0.1 58.87 NOTE
r-devel-windows-x86_64 1.0.1 8.00 66.00 74.00 NOTE
r-patched-linux-x86_64 1.0.1 3.24 36.86 40.10 NOTE
r-release-linux-x86_64 1.0.1 2.47 35.89 38.36 NOTE
r-release-macos-arm64 1.0.1 20.00 NOTE
r-release-macos-x86_64 1.0.1 35.00 NOTE
r-release-windows-x86_64 1.0.1 11.00 67.00 78.00 NOTE
r-oldrel-macos-arm64 1.0.1 22.00 NOTE
r-oldrel-macos-x86_64 1.0.1 31.00 NOTE
r-oldrel-windows-ix86+x86_64 1.0.1 11.00 64.00 75.00 NOTE

Check Details

Version: 1.0.1
Check: LazyData
Result: NOTE
     'LazyData' is specified without a 'data' directory
Flavors: r-devel-linux-x86_64-debian-clang, r-devel-linux-x86_64-debian-gcc, r-devel-linux-x86_64-fedora-clang, r-devel-linux-x86_64-fedora-gcc, r-devel-windows-x86_64, r-patched-linux-x86_64, r-release-linux-x86_64, r-release-macos-arm64, r-release-macos-x86_64, r-release-windows-x86_64, r-oldrel-macos-arm64, r-oldrel-macos-x86_64, r-oldrel-windows-ix86+x86_64