CRAN Package Check Results for Package microbial

Last updated on 2024-07-18 15:49:05 CEST.

Flavor Version Tinstall Tcheck Ttotal Status Flags
r-devel-linux-x86_64-debian-clang 0.0.21 44.83 485.49 530.32 OK
r-devel-linux-x86_64-debian-gcc 0.0.21 39.62 384.65 424.27 OK
r-devel-linux-x86_64-fedora-clang 0.0.21 725.12 OK
r-devel-linux-x86_64-fedora-gcc 0.0.21 696.33 OK
r-devel-windows-x86_64 0.0.21 41.00 360.00 401.00 OK
r-patched-linux-x86_64 0.0.21 30.45 501.20 531.65 OK
r-release-linux-x86_64 0.0.21 47.03 514.39 561.42 OK
r-release-macos-arm64 0.0.21 117.00 OK
r-release-macos-x86_64 0.0.21 279.00 OK
r-release-windows-x86_64 0.0.21 39.00 362.00 401.00 OK
r-oldrel-macos-arm64 0.0.21 130.00 NOTE
r-oldrel-macos-x86_64 0.0.21 232.00 NOTE
r-oldrel-windows-x86_64 0.0.21 56.00 496.00 552.00 OK

Check Details

Version: 0.0.21
Check: package dependencies
Result: NOTE Package suggested but not available for checking: ‘dada2’ Flavors: r-oldrel-macos-arm64, r-oldrel-macos-x86_64