CRAN Package Check Results for Package miceadds

Last updated on 2022-01-19 15:52:09 CET.

Flavor Version Tinstall Tcheck Ttotal Status Flags
r-devel-linux-x86_64-debian-clang 3.11-6 OK
r-devel-linux-x86_64-debian-gcc 3.11-6 112.60 111.57 224.17 OK
r-devel-linux-x86_64-fedora-clang 3.11-6 428.08 NOTE
r-devel-linux-x86_64-fedora-gcc 3.11-6 368.37 OK
r-devel-windows-x86_64-new-UL 3.11-6 411.00 212.00 623.00 OK
r-devel-windows-x86_64-new-TK 3.11-6 OK
r-patched-linux-x86_64 3.11-6 125.25 141.82 267.07 OK
r-release-linux-x86_64 3.11-6 OK
r-release-macos-arm64 3.11-6 NOTE
r-release-macos-x86_64 3.11-6 NOTE
r-release-windows-ix86+x86_64 3.11-6 352.00 227.00 579.00 OK
r-oldrel-macos-x86_64 3.11-6 NOTE
r-oldrel-windows-ix86+x86_64 3.11-6 355.00 228.00 583.00 OK

Check Details

Version: 3.11-6
Check: installed package size
Result: NOTE
     installed size is 6.9Mb
     sub-directories of 1Mb or more:
     libs 5.3Mb
Flavors: r-devel-linux-x86_64-fedora-clang, r-release-macos-arm64, r-release-macos-x86_64, r-oldrel-macos-x86_64