CRAN Package Check Results for Package mgwrsar

Last updated on 2022-10-06 03:58:34 CEST.

Flavor Version Tinstall Tcheck Ttotal Status Flags
r-devel-linux-x86_64-debian-clang 1.0 90.44 504.00 594.44 OK
r-devel-linux-x86_64-debian-gcc 1.0 73.83 374.17 448.00 OK
r-devel-linux-x86_64-fedora-clang 1.0 759.34 NOTE
r-devel-linux-x86_64-fedora-gcc 1.0 714.30 NOTE
r-devel-windows-x86_64 1.0 115.00 533.00 648.00 OK
r-patched-linux-x86_64 1.0 68.13 477.50 545.63 OK
r-release-linux-x86_64 1.0 63.66 470.62 534.28 OK
r-release-macos-arm64 1.0 162.00 NOTE
r-release-macos-x86_64 1.0 242.00 NOTE
r-release-windows-x86_64 1.0 93.00 501.00 594.00 OK
r-oldrel-macos-arm64 1.0 167.00 NOTE
r-oldrel-macos-x86_64 1.0 219.00 NOTE
r-oldrel-windows-ix86+x86_64 1.0 185.00 501.00 686.00 OK

Check Details

Version: 1.0
Check: dependencies in R code
Result: NOTE
    Namespaces in Imports field not imported from:
     ‘knitr’ ‘qlcMatrix’
     All declared Imports should be used.
Flavors: r-devel-linux-x86_64-fedora-clang, r-devel-linux-x86_64-fedora-gcc, r-release-macos-arm64, r-release-macos-x86_64, r-oldrel-macos-arm64, r-oldrel-macos-x86_64

Version: 1.0
Check: installed package size
Result: NOTE
     installed size is 21.3Mb
     sub-directories of 1Mb or more:
     doc 1.7Mb
     libs 18.7Mb
Flavors: r-release-macos-arm64, r-release-macos-x86_64, r-oldrel-macos-arm64, r-oldrel-macos-x86_64