CRAN Package Check Results for Package metro

Last updated on 2021-11-27 15:50:46 CET.

Flavor Version Tinstall Tcheck Ttotal Status Flags
r-devel-linux-x86_64-debian-clang 0.9.1 OK
r-devel-linux-x86_64-debian-gcc 0.9.1 3.54 31.37 34.91 OK
r-devel-linux-x86_64-fedora-clang 0.9.1 66.10 NOTE
r-devel-linux-x86_64-fedora-gcc 0.9.1 52.98 NOTE
r-devel-windows-x86_64-new-UL 0.9.1 13.00 82.00 95.00 OK
r-devel-windows-x86_64-new-TK 0.9.1 NOTE
r-devel-windows-x86_64-old 0.9.1 7.00 72.00 79.00 OK
r-patched-linux-x86_64 0.9.1 5.09 38.19 43.28 OK
r-patched-solaris-x86 0.9.1 77.90 NOTE
r-release-linux-x86_64 0.9.1 OK
r-release-macos-arm64 0.9.1 NOTE
r-release-macos-x86_64 0.9.1 NOTE
r-release-windows-ix86+x86_64 0.9.1 10.00 43.00 53.00 OK
r-oldrel-macos-x86_64 0.9.1 NOTE
r-oldrel-windows-ix86+x86_64 0.9.1 12.00 61.00 73.00 OK

Check Details

Version: 0.9.1
Check: data for non-ASCII characters
Result: NOTE
     Note: found 1 marked UTF-8 string
Flavors: r-devel-linux-x86_64-fedora-clang, r-devel-linux-x86_64-fedora-gcc, r-devel-windows-x86_64-new-TK, r-patched-solaris-x86, r-release-macos-arm64, r-release-macos-x86_64, r-oldrel-macos-x86_64