Last updated on 2022-05-20 03:55:51 CEST.
Flavor | Version | Tinstall | Tcheck | Ttotal | Status | Flags |
---|---|---|---|---|---|---|
r-devel-linux-x86_64-debian-clang | 1.0-6 | 2.70 | 36.38 | 39.08 | OK | |
r-devel-linux-x86_64-debian-gcc | 1.0-6 | 2.36 | 28.29 | 30.65 | OK | |
r-devel-linux-x86_64-fedora-clang | 1.0-6 | 47.47 | OK | |||
r-devel-linux-x86_64-fedora-gcc | 1.0-6 | 46.20 | OK | |||
r-devel-windows-x86_64 | 1.0-6 | 28.00 | 51.00 | 79.00 | OK | |
r-patched-linux-x86_64 | 1.0-6 | 2.86 | 34.88 | 37.74 | OK | |
r-release-linux-x86_64 | 1.0-6 | 2.33 | 35.25 | 37.58 | OK | |
r-release-macos-arm64 | 1.0-6 | 18.00 | OK | |||
r-release-macos-x86_64 | 1.0-6 | 28.00 | ERROR | |||
r-release-windows-x86_64 | 1.0-6 | 28.00 | 53.00 | 81.00 | OK | |
r-oldrel-macos-arm64 | 1.0-6 | 19.00 | OK | |||
r-oldrel-macos-x86_64 | 1.0-6 | 30.00 | OK | |||
r-oldrel-windows-ix86+x86_64 | 1.0-6 | 7.00 | 45.00 | 52.00 | OK |
Version: 1.0-6
Check: tests
Result: ERROR
Running ‘mpost.R’ [1s/1s]
Running the tests in ‘tests/mpost.R’ failed.
Last 13 lines of output:
Read 8 items
Read 8 items
Read 8 items
Read 8 items
Read 8 items
>
> library(grImport)
Loading required package: XML
> PostScriptTrace("fig.1")
sh: gs: command not found
Error in PostScriptTrace("fig.1") : sorry, 'gs' cannot be found
In addition: Warning message:
In system(paste(shQuote(gsexe), "-help > /dev/null")) :
error in running command
Execution halted
Flavor: r-release-macos-x86_64