CRAN Package Check Results for Package metaplus

Last updated on 2022-01-28 15:53:17 CET.

Flavor Version Tinstall Tcheck Ttotal Status Flags
r-devel-linux-x86_64-debian-clang 1.0-2 19.65 122.46 142.11 OK
r-devel-linux-x86_64-debian-gcc 1.0-2 13.70 92.58 106.28 OK
r-devel-linux-x86_64-fedora-clang 1.0-2 161.59 OK
r-devel-linux-x86_64-fedora-gcc 1.0-2 157.25 OK
r-devel-windows-x86_64-new-UL 1.0-2 67.00 136.00 203.00 OK
r-devel-windows-x86_64-new-TK 1.0-2 ERROR
r-patched-linux-x86_64 1.0-2 16.42 111.69 128.11 OK
r-release-linux-x86_64 1.0-2 19.19 112.06 131.25 OK
r-release-macos-arm64 1.0-2 OK
r-release-macos-x86_64 1.0-2 OK
r-release-windows-ix86+x86_64 1.0-2 33.00 127.00 160.00 OK
r-oldrel-macos-x86_64 1.0-2 OK
r-oldrel-windows-ix86+x86_64 1.0-2 36.00 126.00 162.00 OK

Check Details

Version: 1.0-2
Check: package dependencies
Result: ERROR
    Package required but not available: 'lme4'
    
    See section 'The DESCRIPTION file' in the 'Writing R Extensions'
    manual.
Flavor: r-devel-windows-x86_64-new-TK