CRAN Package Check Results for Package metaplotr

Last updated on 2021-10-26 15:51:16 CEST.

Flavor Version Tinstall Tcheck Ttotal Status Flags
r-devel-linux-x86_64-debian-clang 0.0.3 2.52 47.22 49.74 NOTE
r-devel-linux-x86_64-debian-gcc 0.0.3 1.84 35.79 37.63 NOTE
r-devel-linux-x86_64-fedora-clang 0.0.3 68.67 OK
r-devel-linux-x86_64-fedora-gcc 0.0.3 58.74 OK
r-devel-windows-x86_64 0.0.3 5.00 71.00 76.00 NOTE
r-devel-windows-x86_64-gcc10-UCRT 0.0.3 OK
r-patched-linux-x86_64 0.0.3 2.61 44.24 46.85 NOTE
r-patched-solaris-x86 0.0.3 82.20 OK
r-release-linux-x86_64 0.0.3 2.52 44.06 46.58 NOTE
r-release-macos-arm64 0.0.3 OK
r-release-macos-x86_64 0.0.3 OK
r-release-windows-ix86+x86_64 0.0.3 4.00 69.00 73.00 NOTE
r-oldrel-macos-x86_64 0.0.3 OK
r-oldrel-windows-ix86+x86_64 0.0.3 6.00 65.00 71.00 NOTE

Check Details

Version: 0.0.3
Check: package vignettes
Result: NOTE
    Package vignette with placeholder title 'Vignette Title':
     'how_to_use_crosshairs.Rmd'
Flavors: r-devel-linux-x86_64-debian-clang, r-devel-linux-x86_64-debian-gcc, r-devel-windows-x86_64, r-patched-linux-x86_64, r-release-linux-x86_64, r-release-windows-ix86+x86_64, r-oldrel-windows-ix86+x86_64