CRAN Package Check Results for Package metamicrobiomeR

Last updated on 2024-07-24 03:49:21 CEST.

Flavor Version Tinstall Tcheck Ttotal Status Flags
r-devel-linux-x86_64-debian-clang 1.2 16.78 196.85 213.63 OK
r-devel-linux-x86_64-debian-gcc 1.2 11.68 146.84 158.52 OK
r-devel-linux-x86_64-fedora-clang 1.2 267.61 NOTE
r-devel-linux-x86_64-fedora-gcc 1.2 262.64 NOTE
r-devel-windows-x86_64 1.2 16.00 157.00 173.00 OK
r-patched-linux-x86_64 1.2 16.06 185.90 201.96 OK
r-release-linux-x86_64 1.2 9.11 194.14 203.25 OK
r-release-macos-arm64 1.2 76.00 OK
r-release-macos-x86_64 1.2 112.00 OK
r-release-windows-x86_64 1.2 15.00 157.00 172.00 OK
r-oldrel-macos-arm64 1.2 90.00 OK
r-oldrel-macos-x86_64 1.2 125.00 NOTE
r-oldrel-windows-x86_64 1.2 18.00 188.00 206.00 OK

Check Details

Version: 1.2
Check: dependencies in R code
Result: NOTE Namespace in Imports field not imported from: ‘lmerTest’ All declared Imports should be used. Flavors: r-devel-linux-x86_64-fedora-clang, r-devel-linux-x86_64-fedora-gcc

Version: 1.2
Check: package dependencies
Result: NOTE Package suggested but not available for checking: ‘caret’ Flavor: r-oldrel-macos-x86_64