CRAN Package Check Results for Package metamer

Last updated on 2022-01-27 04:05:27 CET.

Flavor Version Tinstall Tcheck Ttotal Status Flags
r-devel-linux-x86_64-debian-clang 0.2.0 2.78 43.75 46.53 NOTE
r-devel-linux-x86_64-debian-gcc 0.2.0 2.16 33.99 36.15 NOTE
r-devel-linux-x86_64-fedora-clang 0.2.0 56.25 NOTE
r-devel-linux-x86_64-fedora-gcc 0.2.0 45.45 NOTE
r-devel-windows-x86_64-new-UL 0.2.0 25.00 60.00 85.00 NOTE
r-devel-windows-x86_64-new-TK 0.2.0 NOTE
r-patched-linux-x86_64 0.2.0 2.41 43.56 45.97 NOTE
r-release-linux-x86_64 0.2.0 2.62 42.24 44.86 NOTE
r-release-macos-arm64 0.2.0 NOTE
r-release-macos-x86_64 0.2.0 NOTE
r-release-windows-ix86+x86_64 0.2.0 6.00 53.00 59.00 NOTE
r-oldrel-macos-x86_64 0.2.0 OK
r-oldrel-windows-ix86+x86_64 0.2.0 5.00 54.00 59.00 OK

Check Details

Version: 0.2.0
Check: LazyData
Result: NOTE
     'LazyData' is specified without a 'data' directory
Flavors: r-devel-linux-x86_64-debian-clang, r-devel-linux-x86_64-debian-gcc, r-devel-linux-x86_64-fedora-clang, r-devel-linux-x86_64-fedora-gcc, r-devel-windows-x86_64-new-UL, r-devel-windows-x86_64-new-TK, r-patched-linux-x86_64, r-release-linux-x86_64, r-release-macos-arm64, r-release-macos-x86_64, r-release-windows-ix86+x86_64