CRAN Package Check Results for Package metamer

Last updated on 2022-09-30 04:59:14 CEST.

Flavor Version Tinstall Tcheck Ttotal Status Flags
r-devel-linux-x86_64-debian-clang 0.3.0 4.12 40.51 44.63 OK
r-devel-linux-x86_64-debian-gcc 0.3.0 3.03 30.33 33.36 OK
r-devel-linux-x86_64-fedora-clang 0.3.0 66.52 NOTE
r-devel-linux-x86_64-fedora-gcc 0.3.0 63.80 NOTE
r-devel-windows-x86_64 0.3.0 13.00 67.00 80.00 OK
r-patched-linux-x86_64 0.3.0 4.23 38.18 42.41 OK
r-release-linux-x86_64 0.3.0 3.79 38.61 42.40 OK
r-release-macos-arm64 0.3.0 22.00 NOTE
r-release-macos-x86_64 0.3.0 29.00 NOTE
r-release-windows-x86_64 0.3.0 17.00 63.00 80.00 OK
r-oldrel-macos-arm64 0.3.0 23.00 NOTE
r-oldrel-macos-x86_64 0.3.0 29.00 NOTE
r-oldrel-windows-ix86+x86_64 0.3.0 8.00 66.00 74.00 OK

Check Details

Version: 0.3.0
Check: dependencies in R code
Result: NOTE
    Namespace in Imports field not imported from: ‘progress’
     All declared Imports should be used.
Flavors: r-devel-linux-x86_64-fedora-clang, r-devel-linux-x86_64-fedora-gcc, r-release-macos-arm64, r-release-macos-x86_64, r-oldrel-macos-arm64, r-oldrel-macos-x86_64