CRAN Package Check Results for Package metajam

Last updated on 2021-12-06 03:53:04 CET.

Flavor Version Tinstall Tcheck Ttotal Status Flags
r-devel-linux-x86_64-debian-clang 0.2.3 11.49 107.01 118.50 OK
r-devel-linux-x86_64-debian-gcc 0.2.3 8.97 82.29 91.26 OK
r-devel-linux-x86_64-fedora-clang 0.2.3 144.55 OK
r-devel-linux-x86_64-fedora-gcc 0.2.3 127.15 OK
r-devel-windows-x86_64-new-UL 0.2.3 21.00 152.00 173.00 OK
r-devel-windows-x86_64-new-TK 0.2.3 OK
r-devel-windows-x86_64-old 0.2.3 22.00 102.00 124.00 OK
r-patched-linux-x86_64 0.2.3 10.26 100.26 110.52 OK
r-release-linux-x86_64 0.2.3 9.17 108.97 118.14 OK
r-release-macos-arm64 0.2.3 WARN
r-release-macos-x86_64 0.2.3 WARN
r-release-windows-ix86+x86_64 0.2.3 28.00 149.00 177.00 OK
r-oldrel-macos-x86_64 0.2.3 OK
r-oldrel-windows-ix86+x86_64 0.2.3 29.00 141.00 170.00 OK

Check Details

Version: 0.2.3
Check: package dependencies
Result: NOTE
    Package suggested but not available for checking: ‘udunits2’
Flavors: r-release-macos-arm64, r-release-macos-x86_64

Version: 0.2.3
Check: re-building of vignette outputs
Result: WARN
    Error(s) in re-building vignettes:
     ...
    --- re-building ‘dataset-batch-processing.Rmd’ using rmarkdown
    Quitting from lines 31-41 (dataset-batch-processing.Rmd)
    Error: processing vignette 'dataset-batch-processing.Rmd' failed with diagnostics:
    there is no package called 'udunits2'
    --- failed re-building ‘dataset-batch-processing.Rmd’
    
    --- re-building ‘dataset-single.Rmd’ using rmarkdown
    --- finished re-building ‘dataset-single.Rmd’
    
    --- re-building ‘package-download.Rmd’ using rmarkdown
    --- finished re-building ‘package-download.Rmd’
    
    --- re-building ‘reading-raster.Rmd’ using rmarkdown
    --- finished re-building ‘reading-raster.Rmd’
    
    SUMMARY: processing the following file failed:
     ‘dataset-batch-processing.Rmd’
    
    Error: Vignette re-building failed.
    Execution halted
Flavor: r-release-macos-arm64

Version: 0.2.3
Check: re-building of vignette outputs
Result: WARN
    Error(s) in re-building vignettes:
    --- re-building ‘dataset-batch-processing.Rmd’ using rmarkdown
    Warning in engine$weave(file, quiet = quiet, encoding = enc) :
     Pandoc (>= 1.12.3) not available. Falling back to R Markdown v1.
    Quitting from lines 31-41 (dataset-batch-processing.Rmd)
    Error: processing vignette 'dataset-batch-processing.Rmd' failed with diagnostics:
    there is no package called 'udunits2'
    --- failed re-building ‘dataset-batch-processing.Rmd’
    
    --- re-building ‘dataset-single.Rmd’ using rmarkdown
    Warning in engine$weave(file, quiet = quiet, encoding = enc) :
     Pandoc (>= 1.12.3) not available. Falling back to R Markdown v1.
    --- finished re-building ‘dataset-single.Rmd’
    
    --- re-building ‘package-download.Rmd’ using rmarkdown
    Warning in engine$weave(file, quiet = quiet, encoding = enc) :
     Pandoc (>= 1.12.3) not available. Falling back to R Markdown v1.
    --- finished re-building ‘package-download.Rmd’
    
    --- re-building ‘reading-raster.Rmd’ using rmarkdown
    Warning in engine$weave(file, quiet = quiet, encoding = enc) :
     Pandoc (>= 1.12.3) not available. Falling back to R Markdown v1.
    --- finished re-building ‘reading-raster.Rmd’
    
    SUMMARY: processing the following file failed:
     ‘dataset-batch-processing.Rmd’
    
    Error: Vignette re-building failed.
    Execution halted
Flavor: r-release-macos-x86_64