CRAN Package Check Results for Package metaheuristicOpt

Last updated on 2022-01-29 03:59:27 CET.

Flavor Version Tinstall Tcheck Ttotal Status Flags
r-devel-linux-x86_64-debian-clang 2.0.0 5.24 71.77 77.01 NOTE
r-devel-linux-x86_64-debian-gcc 2.0.0 4.60 52.03 56.63 NOTE
r-devel-linux-x86_64-fedora-clang 2.0.0 91.02 NOTE
r-devel-linux-x86_64-fedora-gcc 2.0.0 81.40 NOTE
r-devel-windows-x86_64-new-UL 2.0.0 188.00 81.00 269.00 NOTE
r-devel-windows-x86_64-new-TK 2.0.0 NOTE
r-patched-linux-x86_64 2.0.0 5.53 68.90 74.43 NOTE
r-release-linux-x86_64 2.0.0 4.92 67.20 72.12 NOTE
r-release-macos-arm64 2.0.0 NOTE
r-release-macos-x86_64 2.0.0 NOTE
r-release-windows-ix86+x86_64 2.0.0 11.00 55.00 66.00 NOTE
r-oldrel-macos-x86_64 2.0.0 OK
r-oldrel-windows-ix86+x86_64 2.0.0 8.00 54.00 62.00 OK

Check Details

Version: 2.0.0
Check: LazyData
Result: NOTE
     'LazyData' is specified without a 'data' directory
Flavors: r-devel-linux-x86_64-debian-clang, r-devel-linux-x86_64-debian-gcc, r-devel-linux-x86_64-fedora-clang, r-devel-linux-x86_64-fedora-gcc, r-devel-windows-x86_64-new-UL, r-devel-windows-x86_64-new-TK, r-patched-linux-x86_64, r-release-linux-x86_64, r-release-macos-arm64, r-release-macos-x86_64, r-release-windows-ix86+x86_64