CRAN Package Check Results for Package metacoder

Last updated on 2021-11-27 03:58:03 CET.

Flavor Version Tinstall Tcheck Ttotal Status Flags
r-devel-linux-x86_64-debian-clang 0.3.5 42.64 181.41 224.05 OK
r-devel-linux-x86_64-debian-gcc 0.3.5 33.60 133.45 167.05 OK
r-devel-linux-x86_64-fedora-clang 0.3.5 296.38 NOTE
r-devel-linux-x86_64-fedora-gcc 0.3.5 282.40 NOTE
r-devel-windows-x86_64-new-UL 0.3.5 96.00 279.00 375.00 OK
r-devel-windows-x86_64-new-TK 0.3.5 NOTE
r-devel-windows-x86_64-old 0.3.5 55.00 243.00 298.00 OK
r-patched-linux-x86_64 0.3.5 53.63 170.76 224.39 OK
r-patched-solaris-x86 0.3.5 325.10 NOTE
r-release-linux-x86_64 0.3.5 OK
r-release-macos-arm64 0.3.5 NOTE
r-release-macos-x86_64 0.3.5 NOTE
r-release-windows-ix86+x86_64 0.3.5 93.00 253.00 346.00 OK
r-oldrel-macos-x86_64 0.3.5 NOTE
r-oldrel-windows-ix86+x86_64 0.3.5 92.00 360.00 452.00 OK

Check Details

Version: 0.3.5
Check: dependencies in R code
Result: NOTE
    Namespace in Imports field not imported from: ‘R6’
     All declared Imports should be used.
Flavors: r-devel-linux-x86_64-fedora-clang, r-devel-linux-x86_64-fedora-gcc, r-devel-windows-x86_64-new-TK, r-patched-solaris-x86, r-release-macos-arm64, r-release-macos-x86_64, r-oldrel-macos-x86_64