Last updated on 2023-04-01 15:51:58 CEST.
Flavor | Version | Tinstall | Tcheck | Ttotal | Status | Flags |
---|---|---|---|---|---|---|
r-devel-linux-x86_64-debian-clang | 1.0.0 | 9.14 | 91.22 | 100.36 | NOTE | |
r-devel-linux-x86_64-debian-gcc | 1.0.0 | 7.22 | 68.21 | 75.43 | NOTE | |
r-devel-linux-x86_64-fedora-clang | 1.0.0 | 132.90 | NOTE | |||
r-devel-linux-x86_64-fedora-gcc | 1.0.0 | 135.45 | NOTE | |||
r-devel-windows-x86_64 | 1.0.0 | 21.00 | 126.00 | 147.00 | NOTE | |
r-patched-linux-x86_64 | 1.0.0 | 10.86 | 84.65 | 95.51 | NOTE | |
r-release-linux-x86_64 | 1.0.0 | 9.54 | 87.64 | 97.18 | NOTE | |
r-release-macos-arm64 | 1.0.0 | 41.00 | NOTE | |||
r-release-macos-x86_64 | 1.0.0 | 61.00 | NOTE | |||
r-release-windows-x86_64 | 1.0.0 | 33.00 | 130.00 | 163.00 | NOTE | |
r-oldrel-macos-arm64 | 1.0.0 | 41.00 | NOTE | |||
r-oldrel-macos-x86_64 | 1.0.0 | 56.00 | NOTE | |||
r-oldrel-windows-ix86+x86_64 | 1.0.0 | 23.00 | 128.00 | 151.00 | NOTE |
Version: 1.0.0
Check: package dependencies
Result: NOTE
Package suggested but not available for checking: ‘genuMet’
Flavors: r-devel-linux-x86_64-debian-clang, r-devel-linux-x86_64-debian-gcc, r-devel-linux-x86_64-fedora-clang, r-devel-linux-x86_64-fedora-gcc, r-devel-windows-x86_64, r-patched-linux-x86_64, r-release-linux-x86_64, r-release-macos-arm64, r-release-macos-x86_64, r-release-windows-x86_64, r-oldrel-macos-arm64, r-oldrel-macos-x86_64, r-oldrel-windows-ix86+x86_64