CRAN Package Check Results for Package metaSurvival

Last updated on 2022-01-27 15:53:40 CET.

Flavor Version Tinstall Tcheck Ttotal Status Flags
r-devel-linux-x86_64-debian-clang 0.1.0 2.63 31.22 33.85 OK
r-devel-linux-x86_64-debian-gcc 0.1.0 2.02 24.75 26.77 OK
r-devel-linux-x86_64-fedora-clang 0.1.0 42.79 NOTE
r-devel-linux-x86_64-fedora-gcc 0.1.0 31.78 NOTE
r-devel-windows-x86_64-new-UL 0.1.0 39.00 50.00 89.00 OK
r-devel-windows-x86_64-new-TK 0.1.0 NOTE
r-patched-linux-x86_64 0.1.0 1.54 30.08 31.62 OK
r-release-linux-x86_64 0.1.0 1.69 30.01 31.70 OK
r-release-macos-arm64 0.1.0 NOTE
r-release-macos-x86_64 0.1.0 NOTE
r-release-windows-ix86+x86_64 0.1.0 6.00 40.00 46.00 OK
r-oldrel-macos-x86_64 0.1.0 NOTE
r-oldrel-windows-ix86+x86_64 0.1.0 6.00 38.00 44.00 OK

Check Details

Version: 0.1.0
Check: dependencies in R code
Result: NOTE
    Namespace in Imports field not imported from: ‘survival’
     All declared Imports should be used.
Flavors: r-devel-linux-x86_64-fedora-clang, r-devel-linux-x86_64-fedora-gcc, r-devel-windows-x86_64-new-TK, r-release-macos-arm64, r-release-macos-x86_64, r-oldrel-macos-x86_64