CRAN Package Check Results for Package messaging

Last updated on 2022-01-29 03:59:27 CET.

Flavor Version Tinstall Tcheck Ttotal Status Flags
r-devel-linux-x86_64-debian-clang 0.1.0 4.92 56.42 61.34 NOTE
r-devel-linux-x86_64-debian-gcc 0.1.0 3.96 42.85 46.81 NOTE
r-devel-linux-x86_64-fedora-clang 0.1.0 66.89 NOTE
r-devel-linux-x86_64-fedora-gcc 0.1.0 57.98 NOTE
r-devel-windows-x86_64-new-UL 0.1.0 28.00 76.00 104.00 NOTE
r-devel-windows-x86_64-new-TK 0.1.0 NOTE
r-patched-linux-x86_64 0.1.0 4.44 48.51 52.95 NOTE
r-release-linux-x86_64 0.1.0 3.84 48.12 51.96 NOTE
r-release-macos-arm64 0.1.0 NOTE
r-release-macos-x86_64 0.1.0 NOTE
r-release-windows-ix86+x86_64 0.1.0 11.00 59.00 70.00 NOTE
r-oldrel-macos-x86_64 0.1.0 OK
r-oldrel-windows-ix86+x86_64 0.1.0 11.00 59.00 70.00 OK

Check Details

Version: 0.1.0
Check: LazyData
Result: NOTE
     'LazyData' is specified without a 'data' directory
Flavors: r-devel-linux-x86_64-debian-clang, r-devel-linux-x86_64-debian-gcc, r-devel-linux-x86_64-fedora-clang, r-devel-linux-x86_64-fedora-gcc, r-devel-windows-x86_64-new-UL, r-devel-windows-x86_64-new-TK, r-patched-linux-x86_64, r-release-linux-x86_64, r-release-macos-arm64, r-release-macos-x86_64, r-release-windows-ix86+x86_64